Last updated on 2025-05-07 00:50:30 CEST.
Flavor | Version | Tinstall | Tcheck | Ttotal | Status | Flags |
---|---|---|---|---|---|---|
r-devel-linux-x86_64-debian-clang | 0.0.2 | 1.81 | 23.01 | 24.82 | OK | |
r-devel-linux-x86_64-debian-gcc | 0.0.2 | 1.47 | 18.86 | 20.33 | OK | |
r-devel-linux-x86_64-fedora-clang | 0.0.2 | 38.56 | OK | |||
r-devel-linux-x86_64-fedora-gcc | 0.0.2 | 52.99 | OK | |||
r-devel-windows-x86_64 | 0.0.2 | 4.00 | 44.00 | 48.00 | OK | |
r-patched-linux-x86_64 | 0.0.2 | 2.07 | 21.45 | 23.52 | OK | |
r-release-linux-x86_64 | 0.0.2 | 1.91 | 21.35 | 23.26 | OK | |
r-release-macos-arm64 | 0.0.2 | 22.00 | OK | |||
r-release-macos-x86_64 | 0.0.2 | 38.00 | OK | |||
r-release-windows-x86_64 | 0.0.2 | 4.00 | 44.00 | 48.00 | OK | |
r-oldrel-macos-arm64 | 0.0.2 | 23.00 | NOTE | |||
r-oldrel-macos-x86_64 | 0.0.2 | 33.00 | NOTE | |||
r-oldrel-windows-x86_64 | 0.0.2 | 4.00 | 49.00 | 53.00 | NOTE |
Version: 0.0.2
Check: LazyData
Result: NOTE
'LazyData' is specified without a 'data' directory
Flavors: r-oldrel-macos-arm64, r-oldrel-macos-x86_64, r-oldrel-windows-x86_64