Last updated on 2025-11-05 00:49:38 CET.
| Flavor | Version | Tinstall | Tcheck | Ttotal | Status | Flags |
|---|---|---|---|---|---|---|
| r-devel-linux-x86_64-debian-clang | 0.7.5 | 133.07 | 171.96 | 305.03 | OK | |
| r-devel-linux-x86_64-debian-gcc | 0.7.5 | 75.16 | 120.75 | 195.91 | OK | |
| r-devel-linux-x86_64-fedora-clang | 0.7.5 | 239.00 | 295.79 | 534.79 | OK | |
| r-devel-linux-x86_64-fedora-gcc | 0.7.5 | 196.00 | 274.81 | 470.81 | OK | |
| r-devel-windows-x86_64 | 0.7.5 | 150.00 | 209.00 | 359.00 | OK | |
| r-patched-linux-x86_64 | 0.7.5 | 122.32 | 159.43 | 281.75 | OK | |
| r-release-linux-x86_64 | 0.7.5 | 120.13 | 159.59 | 279.72 | OK | |
| r-release-macos-arm64 | 0.7.5 | 36.00 | 51.00 | 87.00 | OK | |
| r-release-macos-x86_64 | 0.7.5 | 47.00 | 126.00 | 173.00 | OK | |
| r-release-windows-x86_64 | 0.7.5 | 146.00 | 210.00 | 356.00 | OK | |
| r-oldrel-macos-arm64 | 0.7.5 | 49.00 | 63.00 | 112.00 | NOTE | |
| r-oldrel-macos-x86_64 | 0.7.5 | 47.00 | 126.00 | 173.00 | NOTE | |
| r-oldrel-windows-x86_64 | 0.7.5 | 188.00 | 267.00 | 455.00 | OK |
Version: 0.7.5
Check: installed package size
Result: NOTE
installed size is 9.5Mb
sub-directories of 1Mb or more:
libs 8.9Mb
Flavors: r-oldrel-macos-arm64, r-oldrel-macos-x86_64