Last updated on 2025-04-29 01:49:41 CEST.
Flavor | Version | Tinstall | Tcheck | Ttotal | Status | Flags |
---|---|---|---|---|---|---|
r-devel-linux-x86_64-debian-clang | 1.0.1 | 2.39 | 40.90 | 43.29 | OK | |
r-devel-linux-x86_64-debian-gcc | 1.0.1 | 1.81 | 31.13 | 32.94 | NOTE | |
r-devel-linux-x86_64-fedora-clang | 1.0.1 | 69.90 | OK | |||
r-devel-linux-x86_64-fedora-gcc | 1.0.1 | 81.58 | OK | |||
r-devel-windows-x86_64 | 1.0.1 | 4.00 | 62.00 | 66.00 | OK | |
r-patched-linux-x86_64 | 1.0.1 | 2.77 | 38.87 | 41.64 | OK | |
r-release-linux-x86_64 | 1.0.1 | 2.58 | 38.65 | 41.23 | OK | |
r-release-macos-arm64 | 1.0.1 | 41.00 | OK | |||
r-release-macos-x86_64 | 1.0.1 | 52.00 | OK | |||
r-release-windows-x86_64 | 1.0.1 | 4.00 | 64.00 | 68.00 | OK | |
r-oldrel-macos-arm64 | 1.0.1 | 28.00 | OK | |||
r-oldrel-macos-x86_64 | 1.0.1 | 45.00 | OK | |||
r-oldrel-windows-x86_64 | 1.0.1 | 5.00 | 65.00 | 70.00 | OK |
Version: 1.0.1
Check: CRAN incoming feasibility
Result: NOTE
Maintainer: ‘Zeynel Cebeci <zcebeci@cukurova.edu.tr>’
Package CITATION file contains call(s) to old-style personList() or
as.personList(). Please use c() on person objects instead.
Package CITATION file contains call(s) to old-style citEntry(). Please
use bibentry() instead.
Flavor: r-devel-linux-x86_64-debian-gcc