Last updated on 2024-08-16 12:49:15 CEST.
Flavor | Version | Tinstall | Tcheck | Ttotal | Status | Flags |
---|---|---|---|---|---|---|
r-devel-linux-x86_64-debian-clang | 0.0.3 | 6.88 | 51.63 | 58.51 | OK | |
r-devel-linux-x86_64-debian-gcc | 0.0.3 | 4.15 | 37.49 | 41.64 | OK | |
r-devel-linux-x86_64-fedora-clang | 0.0.3 | 92.52 | NOTE | |||
r-devel-linux-x86_64-fedora-gcc | 0.0.3 | 88.16 | NOTE | |||
r-devel-windows-x86_64 | 0.0.3 | 8.00 | 67.00 | 75.00 | OK | |
r-patched-linux-x86_64 | 0.0.3 | 5.92 | 48.95 | 54.87 | OK | |
r-release-linux-x86_64 | 0.0.3 | 5.83 | 49.00 | 54.83 | OK | |
r-release-macos-arm64 | 0.0.3 | 28.00 | OK | |||
r-release-macos-x86_64 | 0.0.3 | 44.00 | OK | |||
r-release-windows-x86_64 | 0.0.3 | 8.00 | 68.00 | 76.00 | OK | |
r-oldrel-macos-arm64 | 0.0.3 | 29.00 | OK | |||
r-oldrel-macos-x86_64 | 0.0.3 | 44.00 | OK | |||
r-oldrel-windows-x86_64 | 0.0.3 | 10.00 | 79.00 | 89.00 | OK |
Version: 0.0.3
Check: data for non-ASCII characters
Result: NOTE
Note: found 4 marked UTF-8 strings
Flavors: r-devel-linux-x86_64-fedora-clang, r-devel-linux-x86_64-fedora-gcc