Last updated on 2025-05-19 12:50:10 CEST.
Flavor | Version | Tinstall | Tcheck | Ttotal | Status | Flags |
---|---|---|---|---|---|---|
r-devel-linux-x86_64-debian-clang | 0.2.0 | 5.42 | 56.97 | 62.39 | NOTE | |
r-devel-linux-x86_64-debian-gcc | 0.2.0 | 3.65 | 42.58 | 46.23 | NOTE | |
r-devel-linux-x86_64-fedora-clang | 0.2.0 | 96.29 | OK | |||
r-devel-linux-x86_64-fedora-gcc | 0.2.0 | 105.47 | OK | |||
r-devel-windows-x86_64 | 0.2.0 | 9.00 | 92.00 | 101.00 | OK | |
r-patched-linux-x86_64 | 0.2.0 | 4.99 | 52.90 | 57.89 | OK | |
r-release-linux-x86_64 | 0.2.0 | 4.98 | 52.53 | 57.51 | OK | |
r-release-macos-arm64 | 0.2.0 | 35.00 | OK | |||
r-release-macos-x86_64 | 0.2.0 | 61.00 | OK | |||
r-release-windows-x86_64 | 0.2.0 | 7.00 | 82.00 | 89.00 | OK | |
r-oldrel-macos-arm64 | 0.2.0 | 34.00 | OK | |||
r-oldrel-macos-x86_64 | 0.2.0 | 54.00 | OK | |||
r-oldrel-windows-x86_64 | 0.2.0 | 9.00 | 88.00 | 97.00 | OK |
Version: 0.2.0
Check: CRAN incoming feasibility
Result: NOTE
Maintainer: ‘Luke Miller <contact@lukemiller.org>’
Package CITATION file contains call(s) to old-style personList() or
as.personList(). Please use c() on person objects instead.
Package CITATION file contains call(s) to old-style citEntry(). Please
use bibentry() instead.
Flavors: r-devel-linux-x86_64-debian-clang, r-devel-linux-x86_64-debian-gcc