Last updated on 2025-05-19 01:50:01 CEST.
Flavor | Version | Tinstall | Tcheck | Ttotal | Status | Flags |
---|---|---|---|---|---|---|
r-devel-linux-x86_64-debian-clang | 1.8-3 | 206.72 | 601.06 | 807.78 | OK | |
r-devel-linux-x86_64-debian-gcc | 1.8-3 | 132.98 | 389.95 | 522.93 | OK | |
r-devel-linux-x86_64-fedora-clang | 1.8-3 | 1340.51 | OK | |||
r-devel-linux-x86_64-fedora-gcc | 1.8-3 | 1407.94 | OK | |||
r-devel-windows-x86_64 | 1.8-3 | 225.00 | 0.00 | 225.00 | FAIL | |
r-patched-linux-x86_64 | 1.8-3 | 231.19 | 562.56 | 793.75 | OK | |
r-release-linux-x86_64 | 1.8-3 | 199.28 | 567.23 | 766.51 | OK | |
r-release-macos-arm64 | 1.8-3 | 340.00 | OK | |||
r-release-macos-x86_64 | 1.8-3 | 739.00 | OK | |||
r-release-windows-x86_64 | 1.8-3 | 225.00 | 821.00 | 1046.00 | OK | |
r-oldrel-macos-arm64 | 1.8-3 | 327.00 | NOTE | |||
r-oldrel-macos-x86_64 | 1.8-3 | 878.00 | NOTE | |||
r-oldrel-windows-x86_64 | 1.8-3 | 280.00 | 928.00 | 1208.00 | NOTE |
Version: 1.8-3
Check: PDF version of manual
Result: FAIL
Check process probably crashed or hung up for 20 minutes ... killed
Most likely this happened in the example checks (?),
if not, ignore the following last lines of example output:
> ### * xbt.edf
>
> flush(stderr()); flush(stdout())
>
> ### Name: xbt.edf
> ### Title: Sample xbt File in .edf Format
> ### Aliases: xbt.edf
>
> ### ** Examples
>
> xbt <- read.oce(system.file("extdata", "xbt.edf", package="oce"))
>
>
>
>
> ### * <FOOTER>
> ###
> cleanEx()
> options(digits = 7L)
> base::cat("Time elapsed: ", proc.time() - base::get("ptime", pos = 'CheckExEnv'),"\n")
Time elapsed: 79.03 8.2 87.34 NA NA
> grDevices::dev.off()
null device
1
> ###
> ### Local variables: ***
> ### mode: outline-minor ***
> ### outline-regexp: "\\(> \\)?### [*]+" ***
> ### End: ***
> quit('no')
======== End of example output (where/before crash/hang up occured ?) ========
Flavor: r-devel-windows-x86_64
Version: 1.8-3
Check: installed package size
Result: NOTE
installed size is 16.1Mb
sub-directories of 1Mb or more:
R 3.1Mb
data 1.0Mb
doc 1.7Mb
help 3.8Mb
libs 5.9Mb
Flavors: r-oldrel-macos-arm64, r-oldrel-macos-x86_64, r-oldrel-windows-x86_64