CRAN Package Check Results for Package nucim

Last updated on 2025-07-21 01:49:10 CEST.

Flavor Version Tinstall Tcheck Ttotal Status Flags
r-devel-linux-x86_64-debian-clang 1.0.11 8.45 80.35 88.80 NOTE
r-devel-linux-x86_64-debian-gcc 1.0.11 7.10 57.98 65.08 NOTE
r-devel-linux-x86_64-fedora-clang 1.0.11 139.23 NOTE
r-devel-linux-x86_64-fedora-gcc 1.0.11 150.28 NOTE
r-devel-windows-x86_64 1.0.11 12.00 89.00 101.00 NOTE
r-patched-linux-x86_64 1.0.11 9.56 76.02 85.58 NOTE
r-release-linux-x86_64 1.0.11 8.86 76.02 84.88 NOTE
r-release-macos-arm64 1.0.11 43.00 NOTE
r-release-macos-x86_64 1.0.11 99.00 NOTE
r-release-windows-x86_64 1.0.11 12.00 90.00 102.00 NOTE
r-oldrel-macos-arm64 1.0.11 45.00 NOTE
r-oldrel-macos-x86_64 1.0.11 72.00 NOTE
r-oldrel-windows-x86_64 1.0.11 14.00 111.00 125.00 NOTE

Check Details

Version: 1.0.11
Check: CRAN incoming feasibility
Result: NOTE Maintainer: ‘Volker Schmid <volker.schmid@lmu.de>’ Package CITATION file contains call(s) to old-style personList() or as.personList(). Please use c() on person objects instead. Package CITATION file contains call(s) to old-style citEntry(). Please use bibentry() instead. Flavors: r-devel-linux-x86_64-debian-clang, r-devel-linux-x86_64-debian-gcc

Version: 1.0.11
Check: package subdirectories
Result: NOTE Problems with news in ‘NEWS.md’: No news entries found. Flavors: r-devel-linux-x86_64-debian-clang, r-devel-linux-x86_64-debian-gcc, r-devel-linux-x86_64-fedora-clang, r-devel-linux-x86_64-fedora-gcc, r-devel-windows-x86_64, r-patched-linux-x86_64, r-release-linux-x86_64, r-release-macos-arm64, r-release-macos-x86_64, r-release-windows-x86_64, r-oldrel-macos-arm64, r-oldrel-macos-x86_64, r-oldrel-windows-x86_64