Last updated on 2025-04-29 01:49:41 CEST.
Flavor | Version | Tinstall | Tcheck | Ttotal | Status | Flags |
---|---|---|---|---|---|---|
r-devel-linux-x86_64-debian-clang | 1.1.0 | 7.65 | 66.79 | 74.44 | OK | |
r-devel-linux-x86_64-debian-gcc | 1.1.0 | 5.42 | 49.64 | 55.06 | NOTE | |
r-devel-linux-x86_64-fedora-clang | 1.1.0 | 118.18 | OK | |||
r-devel-linux-x86_64-fedora-gcc | 1.1.0 | 114.85 | OK | |||
r-devel-windows-x86_64 | 1.1.0 | 9.00 | 80.00 | 89.00 | OK | |
r-patched-linux-x86_64 | 1.1.0 | 8.65 | 64.14 | 72.79 | OK | |
r-release-linux-x86_64 | 1.1.0 | 7.94 | 64.55 | 72.49 | OK | |
r-release-macos-arm64 | 1.1.0 | 37.00 | OK | |||
r-release-macos-x86_64 | 1.1.0 | 65.00 | OK | |||
r-release-windows-x86_64 | 1.1.0 | 9.00 | 85.00 | 94.00 | OK | |
r-oldrel-macos-arm64 | 1.1.0 | 34.00 | OK | |||
r-oldrel-macos-x86_64 | 1.1.0 | 50.00 | OK | |||
r-oldrel-windows-x86_64 | 1.1.0 | 11.00 | 100.00 | 111.00 | OK |
Version: 1.1.0
Check: CRAN incoming feasibility
Result: NOTE
Maintainer: ‘Huan Cheng <hcheng1118@hotmail.com>’
The Description field contains
Cheng and He (2021) <arXiv:2110.03833>. The references for sample size
Please refer to arXiv e-prints via their arXiv DOI <doi:10.48550/arXiv.YYMM.NNNNN>.
Flavor: r-devel-linux-x86_64-debian-gcc