CRAN Package Check Results for Package nparcomp

Last updated on 2025-07-20 12:49:31 CEST.

Flavor Version Tinstall Tcheck Ttotal Status Flags
r-devel-linux-x86_64-debian-clang 3.0 11.12 72.41 83.53 NOTE
r-devel-linux-x86_64-debian-gcc 3.0 6.54 53.87 60.41 NOTE
r-devel-linux-x86_64-fedora-clang 3.0 129.70 OK
r-devel-linux-x86_64-fedora-gcc 3.0 122.13 OK
r-devel-windows-x86_64 3.0 11.00 96.00 107.00 OK
r-patched-linux-x86_64 3.0 10.41 69.39 79.80 OK
r-release-linux-x86_64 3.0 10.88 69.45 80.33 OK
r-release-macos-arm64 3.0 46.00 OK
r-release-macos-x86_64 3.0 89.00 OK
r-release-windows-x86_64 3.0 12.00 94.00 106.00 OK
r-oldrel-macos-arm64 3.0 33.00 OK
r-oldrel-macos-x86_64 3.0 52.00 OK
r-oldrel-windows-x86_64 3.0 14.00 110.00 124.00 OK

Check Details

Version: 3.0
Check: CRAN incoming feasibility
Result: NOTE Maintainer: ‘Kerstin Rubarth <kerstin.rubarth@charite.de>’ No Authors@R field in DESCRIPTION. Please add one, modifying Authors@R: c(person(given = "Frank", family = "Konietschke", role = c("aut", "cre")), person(given = "Kimihiro", family = "Noguchi", role = "ctr"), person(given = "Kerstin", family = "Rubarth", role = "cre", email = "kerstin.rubarth@charite.de")) as necessary. Package CITATION file contains call(s) to old-style personList() or as.personList(). Please use c() on person objects instead. Package CITATION file contains call(s) to old-style citEntry(). Please use bibentry() instead. Flavors: r-devel-linux-x86_64-debian-clang, r-devel-linux-x86_64-debian-gcc