Last updated on 2024-08-16 12:49:14 CEST.
Flavor | Version | Tinstall | Tcheck | Ttotal | Status | Flags |
---|---|---|---|---|---|---|
r-devel-linux-x86_64-debian-clang | 0.1.0 | 35.25 | 92.32 | 127.57 | OK | |
r-devel-linux-x86_64-debian-gcc | 0.1.0 | 27.73 | 66.34 | 94.07 | OK | |
r-devel-linux-x86_64-fedora-clang | 0.1.0 | 214.90 | OK | |||
r-devel-linux-x86_64-fedora-gcc | 0.1.0 | 215.37 | OK | |||
r-devel-windows-x86_64 | 0.1.0 | 41.00 | 120.00 | 161.00 | OK | |
r-patched-linux-x86_64 | 0.1.0 | 37.05 | 86.90 | 123.95 | OK | |
r-release-linux-x86_64 | 0.1.0 | 34.54 | 88.46 | 123.00 | OK | |
r-release-macos-arm64 | 0.1.0 | 58.00 | NOTE | |||
r-release-macos-x86_64 | 0.1.0 | 87.00 | NOTE | |||
r-release-windows-x86_64 | 0.1.0 | 40.00 | 120.00 | 160.00 | OK | |
r-oldrel-macos-arm64 | 0.1.0 | 62.00 | NOTE | |||
r-oldrel-macos-x86_64 | 0.1.0 | 156.00 | NOTE | |||
r-oldrel-windows-x86_64 | 0.1.0 | 49.00 | 146.00 | 195.00 | OK |
Version: 0.1.0
Check: installed package size
Result: NOTE
installed size is 5.1Mb
sub-directories of 1Mb or more:
libs 3.1Mb
tinytest 1.6Mb
Flavors: r-release-macos-arm64, r-release-macos-x86_64, r-oldrel-macos-arm64, r-oldrel-macos-x86_64