Last updated on 2025-05-19 01:50:01 CEST.
Flavor | Version | Tinstall | Tcheck | Ttotal | Status | Flags |
---|---|---|---|---|---|---|
r-devel-linux-x86_64-debian-clang | 0.1.6-1 | 10.94 | 22.33 | 33.27 | NOTE | |
r-devel-linux-x86_64-debian-gcc | 0.1.6-1 | 8.43 | 18.17 | 26.60 | NOTE | |
r-devel-linux-x86_64-fedora-clang | 0.1.6-1 | 57.88 | OK | |||
r-devel-linux-x86_64-fedora-gcc | 0.1.6-1 | 57.82 | OK | |||
r-devel-windows-x86_64 | 0.1.6-1 | 14.00 | 69.00 | 83.00 | OK | |
r-patched-linux-x86_64 | 0.1.6-1 | 10.51 | 21.57 | 32.08 | OK | |
r-release-linux-x86_64 | 0.1.6-1 | 10.53 | 21.82 | 32.35 | OK | |
r-release-macos-arm64 | 0.1.6-1 | 25.00 | OK | |||
r-release-macos-x86_64 | 0.1.6-1 | 42.00 | OK | |||
r-release-windows-x86_64 | 0.1.6-1 | 14.00 | 86.00 | 100.00 | OK | |
r-oldrel-macos-arm64 | 0.1.6-1 | 21.00 | OK | |||
r-oldrel-macos-x86_64 | 0.1.6-1 | 30.00 | OK | |||
r-oldrel-windows-x86_64 | 0.1.6-1 | 15.00 | 77.00 | 92.00 | OK |
Version: 0.1.6-1
Check: CRAN incoming feasibility
Result: NOTE
Maintainer: ‘David Cortes <david.cortes.rivera@gmail.com>’
No Authors@R field in DESCRIPTION.
Please add one, modifying
Authors@R: person(given = "David",
family = "Cortes",
role = c("aut", "cre"),
email = "david.cortes.rivera@gmail.com")
as necessary.
Flavors: r-devel-linux-x86_64-debian-clang, r-devel-linux-x86_64-debian-gcc