Last updated on 2025-04-29 01:49:41 CEST.
Flavor | Version | Tinstall | Tcheck | Ttotal | Status | Flags |
---|---|---|---|---|---|---|
r-devel-linux-x86_64-debian-clang | 0.4.7 | 6.34 | 57.03 | 63.37 | OK | |
r-devel-linux-x86_64-debian-gcc | 0.4.7 | 4.54 | 43.00 | 47.54 | OK | |
r-devel-linux-x86_64-fedora-clang | 0.4.7 | 106.40 | OK | |||
r-devel-linux-x86_64-fedora-gcc | 0.4.7 | 110.40 | OK | |||
r-devel-windows-x86_64 | 0.4.7 | 8.00 | 74.00 | 82.00 | OK | |
r-patched-linux-x86_64 | 0.4.7 | 6.39 | 53.93 | 60.32 | OK | |
r-release-linux-x86_64 | 0.4.7 | 6.13 | 53.41 | 59.54 | OK | |
r-release-macos-arm64 | 0.4.7 | 41.00 | OK | |||
r-release-macos-x86_64 | 0.4.7 | 73.00 | OK | |||
r-release-windows-x86_64 | 0.4.7 | 8.00 | 93.00 | 101.00 | ERROR | |
r-oldrel-macos-arm64 | 0.4.7 | 52.00 | OK | |||
r-oldrel-macos-x86_64 | 0.4.7 | 69.00 | OK | |||
r-oldrel-windows-x86_64 | 0.4.7 | 9.00 | 84.00 | 93.00 | OK |
Version: 0.4.7
Check: re-building of vignette outputs
Result: ERROR
Error(s) in re-building vignettes:
--- re-building 'introduction.Rmd' using rmarkdown
Quitting from introduction.Rmd:40-45 [specific-dataset]
~~~~~~~~~~~~~~~~~~~~~~~~~~~~~~~~~~~~~~~~~~~~~~~~~~~~~~~~~~~~~~~~~~~~~~~~~~~~~~~~
<error/rlang_error>
Error in `curl::curl_fetch_memory()`:
! Timeout was reached [www.nomisweb.co.uk]: Connection time-out
---
Backtrace:
▆
1. ├─nomisr::nomis_data_info("NM_893_1")
2. │ └─nomisr:::nomis_query_util(data_info_query, tidy)
3. │ └─httr::GET(paste0(base_url, query))
4. │ └─httr:::request_perform(req, hu$handle$handle)
5. │ ├─httr:::request_fetch(req$output, req$url, handle)
6. │ └─httr:::request_fetch.write_memory(req$output, req$url, handle)
7. │ └─curl::curl_fetch_memory(url, handle = handle)
8. └─curl:::raise_libcurl_error(...)
~~~~~~~~~~~~~~~~~~~~~~~~~~~~~~~~~~~~~~~~~~~~~~~~~~~~~~~~~~~~~~~~~~~~~~~~~~~~~~~~
Error: processing vignette 'introduction.Rmd' failed with diagnostics:
Timeout was reached [www.nomisweb.co.uk]: Connection time-out
--- failed re-building 'introduction.Rmd'
SUMMARY: processing the following file failed:
'introduction.Rmd'
Error: Vignette re-building failed.
Execution halted
Flavor: r-release-windows-x86_64