Last updated on 2025-04-29 13:51:32 CEST.
Flavor | Version | Tinstall | Tcheck | Ttotal | Status | Flags |
---|---|---|---|---|---|---|
r-devel-linux-x86_64-debian-clang | 2.2-2 | 1.92 | 27.95 | 29.87 | NOTE | |
r-devel-linux-x86_64-debian-gcc | 2.2-2 | 1.50 | 21.27 | 22.77 | OK | |
r-devel-linux-x86_64-fedora-clang | 2.2-2 | 48.72 | OK | |||
r-devel-linux-x86_64-fedora-gcc | 2.2-2 | 46.42 | OK | |||
r-devel-windows-x86_64 | 2.2-2 | 3.00 | 48.00 | 51.00 | OK | |
r-patched-linux-x86_64 | 2.2-2 | 2.08 | 26.74 | 28.82 | OK | |
r-release-linux-x86_64 | 2.2-2 | 2.10 | 27.04 | 29.14 | OK | |
r-release-macos-arm64 | 2.2-2 | 21.00 | OK | |||
r-release-macos-x86_64 | 2.2-2 | 35.00 | OK | |||
r-release-windows-x86_64 | 2.2-2 | 3.00 | 50.00 | 53.00 | OK | |
r-oldrel-macos-arm64 | 2.2-2 | 21.00 | OK | |||
r-oldrel-macos-x86_64 | 2.2-2 | 49.00 | OK | |||
r-oldrel-windows-x86_64 | 2.2-2 | 3.00 | 54.00 | 57.00 | OK |
Version: 2.2-2
Check: examples
Result: NOTE
Examples with CPU (user + system) or elapsed time > 5s
user system elapsed
nlt 5.482 0.042 6.881
Flavor: r-devel-linux-x86_64-debian-clang