Last updated on 2025-02-22 00:49:53 CET.
Flavor | Version | Tinstall | Tcheck | Ttotal | Status | Flags |
---|---|---|---|---|---|---|
r-devel-linux-x86_64-debian-clang | 0.5 | 9.41 | 77.18 | 86.59 | NOTE | |
r-devel-linux-x86_64-debian-gcc | 0.5 | 6.30 | 54.19 | 60.49 | NOTE | |
r-devel-linux-x86_64-fedora-clang | 0.5 | 135.78 | OK | |||
r-devel-linux-x86_64-fedora-gcc | 0.5 | 123.93 | OK | |||
r-devel-macos-arm64 | 0.5 | 36.00 | OK | |||
r-devel-macos-x86_64 | 0.5 | 75.00 | OK | |||
r-devel-windows-x86_64 | 0.5 | 11.00 | 83.00 | 94.00 | NOTE | |
r-patched-linux-x86_64 | 0.5 | 13.34 | 69.62 | 82.96 | OK | |
r-release-linux-x86_64 | 0.5 | 7.89 | 70.02 | 77.91 | OK | |
r-release-macos-arm64 | 0.5 | 36.00 | OK | |||
r-release-macos-x86_64 | 0.5 | 58.00 | OK | |||
r-release-windows-x86_64 | 0.5 | 12.00 | 84.00 | 96.00 | OK | |
r-oldrel-macos-arm64 | 0.5 | 45.00 | OK | |||
r-oldrel-macos-x86_64 | 0.5 | 83.00 | OK | |||
r-oldrel-windows-x86_64 | 0.5 | 13.00 | 99.00 | 112.00 | OK |
Version: 0.5
Check: Rd cross-references
Result: NOTE
Found the following Rd file(s) with Rd \link{} targets missing package
anchors:
nicqControl.Rd: bpcp, quantile.kmciLR
nicqTest.Rd: bpcp, quantile.kmciLR
powerNicqTest.Rd: uniroot.integer
Please provide package anchors for all Rd \link{} targets not in the
package itself and the base packages.
Flavors: r-devel-linux-x86_64-debian-clang, r-devel-linux-x86_64-debian-gcc, r-devel-windows-x86_64