Last updated on 2025-07-20 12:49:31 CEST.
Flavor | Version | Tinstall | Tcheck | Ttotal | Status | Flags |
---|---|---|---|---|---|---|
r-devel-linux-x86_64-debian-clang | 1.1-7 | 2.28 | 30.39 | 32.67 | NOTE | |
r-devel-linux-x86_64-debian-gcc | 1.1-7 | 2.11 | 22.61 | 24.72 | NOTE | |
r-devel-linux-x86_64-fedora-clang | 1.1-7 | 55.04 | OK | |||
r-devel-linux-x86_64-fedora-gcc | 1.1-7 | 49.44 | OK | |||
r-devel-windows-x86_64 | 1.1-7 | 4.00 | 50.00 | 54.00 | OK | |
r-patched-linux-x86_64 | 1.1-7 | 3.04 | 28.54 | 31.58 | OK | |
r-release-linux-x86_64 | 1.1-7 | 2.63 | 28.47 | 31.10 | OK | |
r-release-macos-arm64 | 1.1-7 | 21.00 | OK | |||
r-release-macos-x86_64 | 1.1-7 | 33.00 | OK | |||
r-release-windows-x86_64 | 1.1-7 | 6.00 | 50.00 | 56.00 | OK | |
r-oldrel-macos-arm64 | 1.1-7 | 18.00 | OK | |||
r-oldrel-macos-x86_64 | 1.1-7 | 30.00 | OK | |||
r-oldrel-windows-x86_64 | 1.1-7 | 4.00 | 58.00 | 62.00 | OK |
Version: 1.1-7
Check: CRAN incoming feasibility
Result: NOTE
Maintainer: ‘Natalya Pya Arnqvist <nat.pya@gmail.com>’
No Authors@R field in DESCRIPTION.
Please add one, modifying
Authors@R: c(person(given = c("Natalya", "Pya"),
family = "Arnqvist",
role = c("aut", "cre"),
email = "nat.pya@gmail.com"),
person(given = "Vassilly",
family = "Voinov",
role = "aut"),
person(given = "Rashid",
family = "Makarov",
role = "aut"),
person(given = "Yevgeniy",
family = "Voinov",
role = "aut"))
as necessary.
Flavors: r-devel-linux-x86_64-debian-clang, r-devel-linux-x86_64-debian-gcc