Last updated on 2025-04-29 01:49:41 CEST.
Flavor | Version | Tinstall | Tcheck | Ttotal | Status | Flags |
---|---|---|---|---|---|---|
r-devel-linux-x86_64-debian-clang | 2.1 | 4.42 | 39.10 | 43.52 | OK | |
r-devel-linux-x86_64-debian-gcc | 2.1 | 3.24 | 29.71 | 32.95 | NOTE | |
r-devel-linux-x86_64-fedora-clang | 2.1 | 71.90 | NOTE | |||
r-devel-linux-x86_64-fedora-gcc | 2.1 | 79.09 | NOTE | |||
r-devel-windows-x86_64 | 2.1 | 7.00 | 78.00 | 85.00 | OK | |
r-patched-linux-x86_64 | 2.1 | 4.23 | 38.01 | 42.24 | OK | |
r-release-linux-x86_64 | 2.1 | 4.16 | 37.86 | 42.02 | OK | |
r-release-macos-arm64 | 2.1 | 41.00 | OK | |||
r-release-macos-x86_64 | 2.1 | 64.00 | OK | |||
r-release-windows-x86_64 | 2.1 | 8.00 | 69.00 | 77.00 | OK | |
r-oldrel-macos-arm64 | 2.1 | 48.00 | OK | |||
r-oldrel-macos-x86_64 | 2.1 | 75.00 | OK | |||
r-oldrel-windows-x86_64 | 2.1 | 8.00 | 75.00 | 83.00 | OK |
Version: 2.1
Check: CRAN incoming feasibility
Result: NOTE
Maintainer: ‘Obinna Obianom <idonshayo@gmail.com>’
The BugReports field in DESCRIPTION has
https://github.com/oobianom/nextGenShinyApps
which should likely be
https://github.com/oobianom/nextGenShinyApps/issues
instead.
Flavor: r-devel-linux-x86_64-debian-gcc
Version: 2.1
Check: dependencies in R code
Result: NOTE
Namespaces in Imports field not imported from:
‘quickcode’ ‘utils’
All declared Imports should be used.
Flavors: r-devel-linux-x86_64-fedora-clang, r-devel-linux-x86_64-fedora-gcc