Last updated on 2025-11-05 00:49:37 CET.
| Flavor | Version | Tinstall | Tcheck | Ttotal | Status | Flags |
|---|---|---|---|---|---|---|
| r-devel-linux-x86_64-debian-clang | 0.1.0 | 8.44 | 169.31 | 177.75 | OK | |
| r-devel-linux-x86_64-debian-gcc | 0.1.0 | 5.77 | 109.70 | 115.47 | ERROR | |
| r-devel-linux-x86_64-fedora-clang | 0.1.0 | 19.00 | 268.00 | 287.00 | OK | |
| r-devel-linux-x86_64-fedora-gcc | 0.1.0 | 17.00 | 272.87 | 289.87 | OK | |
| r-devel-windows-x86_64 | 0.1.0 | 10.00 | 158.00 | 168.00 | OK | |
| r-patched-linux-x86_64 | 0.1.0 | 8.89 | 159.33 | 168.22 | OK | |
| r-release-linux-x86_64 | 0.1.0 | 7.71 | 161.01 | 168.72 | OK | |
| r-release-macos-arm64 | 0.1.0 | 4.00 | 78.00 | 82.00 | OK | |
| r-release-macos-x86_64 | 0.1.0 | 8.00 | 168.00 | 176.00 | OK | |
| r-release-windows-x86_64 | 0.1.0 | 11.00 | 157.00 | 168.00 | OK | |
| r-oldrel-macos-arm64 | 0.1.0 | 4.00 | 73.00 | 77.00 | OK | |
| r-oldrel-macos-x86_64 | 0.1.0 | 6.00 | 115.00 | 121.00 | OK | |
| r-oldrel-windows-x86_64 | 0.1.0 | 13.00 | 217.00 | 230.00 | OK |
Version: 0.1.0
Check: re-building of vignette outputs
Result: ERROR
Error(s) in re-building vignettes:
...
--- re-building ‘README.Rmd’ using rmarkdown
Quitting from README.Rmd:28-81 [example]
~~~~~~~~~~~~~~~~~~~~~~~~~~~~~~~~~~~~~~~~~~~~~~~~~~~~~~~~~~~~~~~~~~~~~~~~~~~~~~~~
<error/rlang_error>
Error in `1:indlft`:
! result would be too long a vector
---
Backtrace:
▆
1. └─newIMVC::IMVCFDR(...)
~~~~~~~~~~~~~~~~~~~~~~~~~~~~~~~~~~~~~~~~~~~~~~~~~~~~~~~~~~~~~~~~~~~~~~~~~~~~~~~~
Error: processing vignette 'README.Rmd' failed with diagnostics:
result would be too long a vector
--- failed re-building ‘README.Rmd’
SUMMARY: processing the following file failed:
‘README.Rmd’
Error: Vignette re-building failed.
Execution halted
Flavor: r-devel-linux-x86_64-debian-gcc