Last updated on 2024-06-10 12:50:33 CEST.
Flavor | Version | Tinstall | Tcheck | Ttotal | Status | Flags |
---|---|---|---|---|---|---|
r-devel-linux-x86_64-debian-clang | 0.12.0 | 9.73 | 79.84 | 89.57 | NOTE | |
r-devel-linux-x86_64-debian-gcc | 0.12.0 | 6.71 | 57.29 | 64.00 | NOTE | |
r-devel-linux-x86_64-fedora-clang | 0.12.0 | 108.17 | NOTE | |||
r-devel-linux-x86_64-fedora-gcc | 0.12.0 | 114.04 | NOTE | |||
r-devel-windows-x86_64 | 0.12.0 | 8.00 | 77.00 | 85.00 | NOTE | |
r-patched-linux-x86_64 | 0.12.0 | 5.27 | 76.00 | 81.27 | NOTE | |
r-release-linux-x86_64 | 0.12.0 | 4.92 | 75.00 | 79.92 | NOTE | |
r-release-macos-arm64 | 0.12.0 | 51.00 | NOTE | |||
r-release-macos-x86_64 | 0.12.0 | 116.00 | NOTE | |||
r-release-windows-x86_64 | 0.12.0 | 8.00 | 77.00 | 85.00 | NOTE | |
r-oldrel-macos-arm64 | 0.12.0 | 42.00 | NOTE | |||
r-oldrel-macos-x86_64 | 0.12.0 | 68.00 | NOTE | |||
r-oldrel-windows-x86_64 | 0.12.0 | 10.00 | 84.00 | 94.00 | NOTE |
Version: 0.12.0
Check: LazyData
Result: NOTE
'LazyData' is specified without a 'data' directory
Flavors: r-devel-linux-x86_64-debian-clang, r-devel-linux-x86_64-debian-gcc, r-devel-linux-x86_64-fedora-clang, r-devel-linux-x86_64-fedora-gcc, r-devel-windows-x86_64, r-patched-linux-x86_64, r-release-linux-x86_64, r-release-macos-arm64, r-release-macos-x86_64, r-release-windows-x86_64, r-oldrel-macos-arm64, r-oldrel-macos-x86_64, r-oldrel-windows-x86_64