Last updated on 2025-07-20 12:49:31 CEST.
Flavor | Version | Tinstall | Tcheck | Ttotal | Status | Flags |
---|---|---|---|---|---|---|
r-devel-linux-x86_64-debian-clang | 0.1.2 | 24.18 | 60.67 | 84.85 | NOTE | |
r-devel-linux-x86_64-debian-gcc | 0.1.2 | 16.45 | 45.15 | 61.60 | NOTE | |
r-devel-linux-x86_64-fedora-clang | 0.1.2 | 146.60 | NOTE | |||
r-devel-linux-x86_64-fedora-gcc | 0.1.2 | 121.83 | NOTE | |||
r-devel-windows-x86_64 | 0.1.2 | 28.00 | 94.00 | 122.00 | NOTE | |
r-patched-linux-x86_64 | 0.1.2 | 22.39 | 55.61 | 78.00 | NOTE | |
r-release-linux-x86_64 | 0.1.2 | 21.97 | 56.05 | 78.02 | NOTE | |
r-release-macos-arm64 | 0.1.2 | 42.00 | NOTE | |||
r-release-macos-x86_64 | 0.1.2 | 88.00 | NOTE | |||
r-release-windows-x86_64 | 0.1.2 | 26.00 | 94.00 | 120.00 | NOTE | |
r-oldrel-macos-arm64 | 0.1.2 | 36.00 | NOTE | |||
r-oldrel-macos-x86_64 | 0.1.2 | 57.00 | NOTE | |||
r-oldrel-windows-x86_64 | 0.1.2 | 34.00 | 110.00 | 144.00 | NOTE |
Version: 0.1.2
Check: C++ specification
Result: NOTE
Specified C++11: please drop specification unless essential
Flavors: r-devel-linux-x86_64-debian-clang, r-devel-linux-x86_64-debian-gcc, r-devel-linux-x86_64-fedora-clang, r-devel-linux-x86_64-fedora-gcc, r-devel-windows-x86_64, r-patched-linux-x86_64, r-release-linux-x86_64, r-release-macos-arm64, r-release-macos-x86_64, r-release-windows-x86_64, r-oldrel-macos-arm64, r-oldrel-macos-x86_64, r-oldrel-windows-x86_64