Last updated on 2025-04-29 01:49:41 CEST.
Flavor | Version | Tinstall | Tcheck | Ttotal | Status | Flags |
---|---|---|---|---|---|---|
r-devel-linux-x86_64-debian-clang | 1.0.1 | 9.19 | 64.60 | 73.79 | OK | |
r-devel-linux-x86_64-debian-gcc | 1.0.1 | 6.69 | 47.97 | 54.66 | NOTE | |
r-devel-linux-x86_64-fedora-clang | 1.0.1 | 122.01 | OK | |||
r-devel-linux-x86_64-fedora-gcc | 1.0.1 | 140.05 | OK | |||
r-devel-windows-x86_64 | 1.0.1 | 10.00 | 81.00 | 91.00 | OK | |
r-patched-linux-x86_64 | 1.0.1 | 9.48 | 62.64 | 72.12 | OK | |
r-release-linux-x86_64 | 1.0.1 | 9.54 | 62.51 | 72.05 | OK | |
r-release-macos-arm64 | 1.0.1 | 55.00 | OK | |||
r-release-macos-x86_64 | 1.0.1 | 122.00 | OK | |||
r-release-windows-x86_64 | 1.0.1 | 10.00 | 83.00 | 93.00 | OK | |
r-oldrel-macos-arm64 | 1.0.1 | 44.00 | OK | |||
r-oldrel-macos-x86_64 | 1.0.1 | 98.00 | OK | |||
r-oldrel-windows-x86_64 | 1.0.1 | 14.00 | 96.00 | 110.00 | OK |
Version: 1.0.1
Check: CRAN incoming feasibility
Result: NOTE
Maintainer: ‘Frank W. Marrs <frank.marrs@colostate.edu>’
The Description field contains
<arXiv:1701.05530>.
Please refer to arXiv e-prints via their arXiv DOI <doi:10.48550/arXiv.YYMM.NNNNN>.
Flavor: r-devel-linux-x86_64-debian-gcc