CRAN Package Check Results for Package netgwas

Last updated on 2025-04-29 01:49:41 CEST.

Flavor Version Tinstall Tcheck Ttotal Status Flags
r-devel-linux-x86_64-debian-clang 1.14.3 10.11 125.53 135.64 NOTE
r-devel-linux-x86_64-debian-gcc 1.14.3 7.29 103.55 110.84 NOTE
r-devel-linux-x86_64-fedora-clang 1.14.3 218.35 OK
r-devel-linux-x86_64-fedora-gcc 1.14.3 200.80 OK
r-devel-windows-x86_64 1.14.3 11.00 138.00 149.00 NOTE
r-patched-linux-x86_64 1.14.3 11.20 121.57 132.77 NOTE
r-release-linux-x86_64 1.14.3 9.59 121.40 130.99 NOTE
r-release-macos-arm64 1.14.3 65.00 OK
r-release-macos-x86_64 1.14.3 124.00 OK
r-release-windows-x86_64 1.14.3 13.00 138.00 151.00 NOTE
r-oldrel-macos-arm64 1.14.3 60.00 OK
r-oldrel-macos-x86_64 1.14.3 124.00 OK
r-oldrel-windows-x86_64 1.14.3 15.00 171.00 186.00 OK

Check Details

Version: 1.14.3
Check: Rd cross-references
Result: NOTE Found the following Rd file(s) with Rd \link{} targets missing package anchors: plot.select.Rd: select Please provide package anchors for all Rd \link{} targets not in the package itself and the base packages. Flavors: r-devel-linux-x86_64-debian-clang, r-devel-linux-x86_64-debian-gcc, r-devel-windows-x86_64, r-patched-linux-x86_64, r-release-linux-x86_64, r-release-windows-x86_64

Version: 1.14.3
Check: examples
Result: NOTE Examples with CPU (user + system) or elapsed time > 5s user system elapsed R.gibbs 4.046 0.334 5.206 Flavor: r-devel-linux-x86_64-debian-gcc