Last updated on 2025-02-22 00:49:53 CET.
Flavor | Version | Tinstall | Tcheck | Ttotal | Status | Flags |
---|---|---|---|---|---|---|
r-devel-linux-x86_64-debian-clang | 4.0.5 | 58.64 | 231.28 | 289.92 | NOTE | |
r-devel-linux-x86_64-debian-gcc | 4.0.5 | 45.82 | 164.53 | 210.35 | NOTE | |
r-devel-linux-x86_64-fedora-clang | 4.0.5 | 459.58 | OK | |||
r-devel-linux-x86_64-fedora-gcc | 4.0.5 | 471.05 | OK | |||
r-devel-macos-arm64 | 4.0.5 | 5.00 | ERROR | |||
r-devel-macos-x86_64 | 4.0.5 | 324.00 | OK | |||
r-devel-windows-x86_64 | 4.0.5 | 57.00 | 227.00 | 284.00 | NOTE | |
r-patched-linux-x86_64 | 4.0.5 | 65.54 | 218.11 | 283.65 | OK | |
r-release-linux-x86_64 | 4.0.5 | 55.78 | 214.70 | 270.48 | OK | |
r-release-macos-arm64 | 4.0.5 | 125.00 | NOTE | |||
r-release-macos-x86_64 | 4.0.5 | 192.00 | NOTE | |||
r-release-windows-x86_64 | 4.0.5 | 60.00 | 221.00 | 281.00 | OK | |
r-oldrel-macos-arm64 | 4.0.5 | 129.00 | NOTE | |||
r-oldrel-macos-x86_64 | 4.0.5 | 314.00 | NOTE | |||
r-oldrel-windows-x86_64 | 4.0.5 | 74.00 | 333.00 | 407.00 | OK |
Version: 4.0.5
Check: Rd cross-references
Result: NOTE
Found the following Rd file(s) with Rd \link{} targets missing package
anchors:
netEst.dir.Rd: glmnet
netEst.undir.Rd: glmnet
netgsa-package.Rd: glmnet
Please provide package anchors for all Rd \link{} targets not in the
package itself and the base packages.
Flavors: r-devel-linux-x86_64-debian-clang, r-devel-linux-x86_64-debian-gcc, r-devel-windows-x86_64
Version: 4.0.5
Check: package dependencies
Result: ERROR
Package required but not available: ‘org.Hs.eg.db’
See section ‘The DESCRIPTION file’ in the ‘Writing R Extensions’
manual.
Flavor: r-devel-macos-arm64
Version: 4.0.5
Check: installed package size
Result: NOTE
installed size is 21.2Mb
sub-directories of 1Mb or more:
doc 2.8Mb
libs 17.5Mb
Flavors: r-release-macos-arm64, r-release-macos-x86_64, r-oldrel-macos-arm64, r-oldrel-macos-x86_64