Last updated on 2025-07-20 01:49:35 CEST.
Flavor | Version | Tinstall | Tcheck | Ttotal | Status | Flags |
---|---|---|---|---|---|---|
r-devel-linux-x86_64-debian-clang | 4.0.5 | 60.48 | 230.53 | 291.01 | NOTE | |
r-devel-linux-x86_64-debian-gcc | 4.0.5 | 45.28 | 166.29 | 211.57 | NOTE | |
r-devel-linux-x86_64-fedora-clang | 4.0.5 | 480.81 | OK | |||
r-devel-linux-x86_64-fedora-gcc | 4.0.5 | 467.13 | OK | |||
r-devel-windows-x86_64 | 4.0.5 | 63.00 | 227.00 | 290.00 | NOTE | |
r-patched-linux-x86_64 | 4.0.5 | 56.73 | 224.33 | 281.06 | NOTE | |
r-release-linux-x86_64 | 4.0.5 | 57.70 | 222.18 | 279.88 | NOTE | |
r-release-macos-arm64 | 4.0.5 | 6.00 | ERROR | |||
r-release-macos-x86_64 | 4.0.5 | 324.00 | OK | |||
r-release-windows-x86_64 | 4.0.5 | 61.00 | 221.00 | 282.00 | NOTE | |
r-oldrel-macos-arm64 | 4.0.5 | 125.00 | NOTE | |||
r-oldrel-macos-x86_64 | 4.0.5 | 192.00 | NOTE | |||
r-oldrel-windows-x86_64 | 4.0.5 | 73.00 | 297.00 | 370.00 | OK |
Version: 4.0.5
Check: Rd cross-references
Result: NOTE
Found the following Rd file(s) with Rd \link{} targets missing package
anchors:
netEst.dir.Rd: glmnet
netEst.undir.Rd: glmnet
netgsa-package.Rd: glmnet
Please provide package anchors for all Rd \link{} targets not in the
package itself and the base packages.
Flavors: r-devel-linux-x86_64-debian-clang, r-devel-linux-x86_64-debian-gcc, r-devel-windows-x86_64, r-patched-linux-x86_64, r-release-linux-x86_64, r-release-windows-x86_64
Version: 4.0.5
Check: package dependencies
Result: ERROR
Package required but not available: ‘org.Hs.eg.db’
See section ‘The DESCRIPTION file’ in the ‘Writing R Extensions’
manual.
Flavor: r-release-macos-arm64
Version: 4.0.5
Check: installed package size
Result: NOTE
installed size is 21.2Mb
sub-directories of 1Mb or more:
doc 2.8Mb
libs 17.5Mb
Flavors: r-oldrel-macos-arm64, r-oldrel-macos-x86_64