Last updated on 2025-04-29 01:49:41 CEST.
Flavor | Version | Tinstall | Tcheck | Ttotal | Status | Flags |
---|---|---|---|---|---|---|
r-devel-linux-x86_64-debian-clang | 1.0.5 | 16.72 | 133.58 | 150.30 | OK | |
r-devel-linux-x86_64-debian-gcc | 1.0.5 | 10.27 | 91.05 | 101.32 | NOTE | |
r-devel-linux-x86_64-fedora-clang | 1.0.5 | 246.31 | OK | |||
r-devel-linux-x86_64-fedora-gcc | 1.0.5 | 253.69 | OK | |||
r-devel-windows-x86_64 | 1.0.5 | 18.00 | 221.00 | 239.00 | OK | |
r-patched-linux-x86_64 | 1.0.5 | 17.23 | 124.65 | 141.88 | OK | |
r-release-linux-x86_64 | 1.0.5 | 16.87 | 124.14 | 141.01 | OK | |
r-release-macos-arm64 | 1.0.5 | 168.00 | OK | |||
r-release-macos-x86_64 | 1.0.5 | 192.00 | OK | |||
r-release-windows-x86_64 | 1.0.5 | 21.00 | 244.00 | 265.00 | OK | |
r-oldrel-macos-arm64 | 1.0.5 | 116.00 | OK | |||
r-oldrel-macos-x86_64 | 1.0.5 | 219.00 | OK | |||
r-oldrel-windows-x86_64 | 1.0.5 | 27.00 | 242.00 | 269.00 | OK |
Version: 1.0.5
Check: examples
Result: NOTE
Examples with CPU (user + system) or elapsed time > 5s
user system elapsed
getids.collunit 0.046 0.023 5.374
get_datasets.default 0.060 0.004 8.387
Flavor: r-devel-linux-x86_64-debian-gcc