Last updated on 2025-04-29 01:49:41 CEST.
Flavor | Version | Tinstall | Tcheck | Ttotal | Status | Flags |
---|---|---|---|---|---|---|
r-devel-linux-x86_64-debian-clang | 1.6.1 | 10.72 | 167.88 | 178.60 | NOTE | |
r-devel-linux-x86_64-debian-gcc | 1.6.1 | 6.56 | 112.62 | 119.18 | NOTE | |
r-devel-linux-x86_64-fedora-clang | 1.6.1 | 279.13 | NOTE | |||
r-devel-linux-x86_64-fedora-gcc | 1.6.1 | 283.43 | NOTE | |||
r-devel-windows-x86_64 | 1.6.1 | 12.00 | 158.00 | 170.00 | NOTE | |
r-patched-linux-x86_64 | 1.6.1 | 10.88 | 154.28 | 165.16 | NOTE | |
r-release-linux-x86_64 | 1.6.1 | 10.33 | 152.63 | 162.96 | NOTE | |
r-release-macos-arm64 | 1.6.1 | 85.00 | NOTE | |||
r-release-macos-x86_64 | 1.6.1 | 151.00 | NOTE | |||
r-release-windows-x86_64 | 1.6.1 | 12.00 | 167.00 | 179.00 | NOTE | |
r-oldrel-macos-arm64 | 1.6.1 | 89.00 | OK | |||
r-oldrel-macos-x86_64 | 1.6.1 | 152.00 | OK | |||
r-oldrel-windows-x86_64 | 1.6.1 | 17.00 | 207.00 | 224.00 | OK |
Version: 1.6.1
Check: DESCRIPTION meta-information
Result: NOTE
Missing dependency on R >= 4.2.0 because package code uses the pipe
placeholder syntax added in R 4.2.0.
File(s) using such syntax:
‘functions.R’
Flavors: r-devel-linux-x86_64-debian-clang, r-devel-linux-x86_64-debian-gcc, r-devel-linux-x86_64-fedora-clang, r-devel-linux-x86_64-fedora-gcc, r-devel-windows-x86_64, r-patched-linux-x86_64, r-release-linux-x86_64, r-release-macos-arm64, r-release-windows-x86_64
Version: 1.6.1
Check: examples
Result: NOTE
Examples with CPU (user + system) or elapsed time > 5s
user system elapsed
npe_summary 8.890 0.079 9.894
npe_longform 6.066 0.061 6.997
npe_change_native_status 5.660 0.416 7.981
npe_cm_metadata 4.674 0.276 5.868
npe_community_matrix 4.532 0.118 6.093
Flavor: r-devel-linux-x86_64-debian-gcc
Version: 1.6.1
Check: DESCRIPTION meta-information
Result: NOTE
Missing dependency on R >= 4.1.0 because package code uses the pipe
|> or function shorthand \(...) syntax added in R 4.1.0.
File(s) using such syntax:
‘functions.R’
Flavor: r-release-macos-x86_64