Last updated on 2024-08-16 12:49:14 CEST.
Flavor | Version | Tinstall | Tcheck | Ttotal | Status | Flags |
---|---|---|---|---|---|---|
r-devel-linux-x86_64-debian-clang | 2.1.0 | 8.49 | 72.64 | 81.13 | OK | |
r-devel-linux-x86_64-debian-gcc | 2.1.0 | 5.65 | 52.91 | 58.56 | OK | |
r-devel-linux-x86_64-fedora-clang | 2.1.0 | 126.97 | NOTE | |||
r-devel-linux-x86_64-fedora-gcc | 2.1.0 | 120.74 | OK | |||
r-devel-windows-x86_64 | 2.1.0 | 9.00 | 85.00 | 94.00 | NOTE | |
r-patched-linux-x86_64 | 2.1.0 | 8.40 | 68.32 | 76.72 | OK | |
r-release-linux-x86_64 | 2.1.0 | 7.15 | 70.57 | 77.72 | OK | |
r-release-macos-arm64 | 2.1.0 | 40.00 | NOTE | |||
r-release-macos-x86_64 | 2.1.0 | 57.00 | NOTE | |||
r-release-windows-x86_64 | 2.1.0 | 10.00 | 85.00 | 95.00 | NOTE | |
r-oldrel-macos-arm64 | 2.1.0 | 41.00 | NOTE | |||
r-oldrel-macos-x86_64 | 2.1.0 | 59.00 | NOTE | |||
r-oldrel-windows-x86_64 | 2.1.0 | 13.00 | 105.00 | 118.00 | NOTE |
Version: 2.1.0
Check: installed package size
Result: NOTE
installed size is 6.3Mb
Flavors: r-devel-linux-x86_64-fedora-clang, r-devel-windows-x86_64, r-release-macos-arm64, r-release-macos-x86_64, r-release-windows-x86_64, r-oldrel-macos-arm64, r-oldrel-macos-x86_64, r-oldrel-windows-x86_64