Last updated on 2024-08-16 12:49:14 CEST.
Flavor | Version | Tinstall | Tcheck | Ttotal | Status | Flags |
---|---|---|---|---|---|---|
r-devel-linux-x86_64-debian-clang | 2.18.0 | 20.86 | 73.01 | 93.87 | NOTE | |
r-devel-linux-x86_64-debian-gcc | 2.18.0 | 15.96 | 49.62 | 65.58 | NOTE | |
r-devel-linux-x86_64-fedora-clang | 2.18.0 | 176.27 | NOTE | |||
r-devel-linux-x86_64-fedora-gcc | 2.18.0 | 150.23 | NOTE | |||
r-devel-windows-x86_64 | 2.18.0 | 31.00 | 100.00 | 131.00 | NOTE | |
r-patched-linux-x86_64 | 2.18.0 | 23.44 | 68.47 | 91.91 | NOTE | |
r-release-linux-x86_64 | 2.18.0 | 21.11 | 68.30 | 89.41 | NOTE | |
r-release-macos-arm64 | 2.18.0 | 45.00 | NOTE | |||
r-release-macos-x86_64 | 2.18.0 | 59.00 | NOTE | |||
r-release-windows-x86_64 | 2.18.0 | 32.00 | 100.00 | 132.00 | NOTE | |
r-oldrel-macos-arm64 | 2.18.0 | 62.00 | NOTE | |||
r-oldrel-macos-x86_64 | 2.18.0 | 116.00 | NOTE | |||
r-oldrel-windows-x86_64 | 2.18.0 | 33.00 | 133.00 | 166.00 | NOTE |
Version: 2.18.0
Check: package dependencies
Result: NOTE
Package which this enhances but not available for checking: ‘asreml’
Flavors: r-devel-linux-x86_64-debian-clang, r-devel-linux-x86_64-debian-gcc, r-devel-linux-x86_64-fedora-clang, r-devel-linux-x86_64-fedora-gcc, r-devel-windows-x86_64, r-patched-linux-x86_64, r-release-linux-x86_64, r-release-macos-arm64, r-release-macos-x86_64, r-release-windows-x86_64, r-oldrel-macos-arm64, r-oldrel-macos-x86_64, r-oldrel-windows-x86_64