CRAN Package Check Results for Package nFunNN

Last updated on 2025-02-22 00:49:53 CET.

Flavor Version Tinstall Tcheck Ttotal Status Flags
r-devel-linux-x86_64-debian-clang 1.0 1.91 20.17 22.08 OK
r-devel-linux-x86_64-debian-gcc 1.0 1.40 16.72 18.12 OK
r-devel-linux-x86_64-fedora-clang 1.0 34.07 NOTE
r-devel-linux-x86_64-fedora-gcc 1.0 32.13 NOTE
r-devel-macos-arm64 1.0 18.00 OK
r-devel-macos-x86_64 1.0 25.00 OK
r-devel-windows-x86_64 1.0 4.00 39.00 43.00 OK
r-patched-linux-x86_64 1.0 1.95 19.25 21.20 OK
r-release-linux-x86_64 1.0 1.65 19.12 20.77 OK
r-release-macos-arm64 1.0 16.00 OK
r-release-macos-x86_64 1.0 21.00 OK
r-release-windows-x86_64 1.0 3.00 41.00 44.00 OK
r-oldrel-macos-arm64 1.0 20.00 OK
r-oldrel-macos-x86_64 1.0 30.00 OK
r-oldrel-windows-x86_64 1.0 4.00 46.00 50.00 OK

Check Details

Version: 1.0
Check: dependencies in R code
Result: NOTE Namespace in Imports field not imported from: ‘stats’ All declared Imports should be used. Flavors: r-devel-linux-x86_64-fedora-clang, r-devel-linux-x86_64-fedora-gcc