Last updated on 2025-04-29 01:49:41 CEST.
Flavor | Version | Tinstall | Tcheck | Ttotal | Status | Flags |
---|---|---|---|---|---|---|
r-devel-linux-x86_64-debian-clang | 1.1.1 | 11.43 | 77.21 | 88.64 | OK | |
r-devel-linux-x86_64-debian-gcc | 1.1.1 | 10.18 | 55.31 | 65.49 | NOTE | |
r-devel-linux-x86_64-fedora-clang | 1.1.1 | 143.13 | OK | |||
r-devel-linux-x86_64-fedora-gcc | 1.1.1 | 134.43 | OK | |||
r-devel-windows-x86_64 | 1.1.1 | 20.00 | 92.00 | 112.00 | OK | |
r-patched-linux-x86_64 | 1.1.1 | 13.10 | 73.17 | 86.27 | OK | |
r-release-linux-x86_64 | 1.1.1 | 12.75 | 73.17 | 85.92 | OK | |
r-release-macos-arm64 | 1.1.1 | 47.00 | OK | |||
r-release-macos-x86_64 | 1.1.1 | 85.00 | OK | |||
r-release-windows-x86_64 | 1.1.1 | 19.00 | 100.00 | 119.00 | OK | |
r-oldrel-macos-arm64 | 1.1.1 | 41.00 | OK | |||
r-oldrel-macos-x86_64 | 1.1.1 | 61.00 | OK | |||
r-oldrel-windows-x86_64 | 1.1.1 | 22.00 | 109.00 | 131.00 | OK |
Version: 1.1.1
Check: CRAN incoming feasibility
Result: NOTE
Maintainer: ‘Antonio Parisi <antonio.parisi@uniroma2.it>’
No Authors@R field in DESCRIPTION.
Please add one, modifying
Authors@R: c(person(given = "Antonio",
family = "Parisi",
role = c("aut", "cre"),
email = "antonio.parisi@uniroma2.it"),
person(given = "Brunero",
family = "Liseo",
role = "aut"),
person(given = "Dirk",
family = "Eddelbuettel",
role = "ctb"),
person(given = "Romain",
family = "Francois",
role = "ctb"))
as necessary.
Flavor: r-devel-linux-x86_64-debian-gcc