Last updated on 2025-02-21 01:50:39 CET.
Flavor | Version | Tinstall | Tcheck | Ttotal | Status | Flags |
---|---|---|---|---|---|---|
r-devel-linux-x86_64-debian-clang | 2.0.3 | 185.44 | 86.20 | 271.64 | OK | |
r-devel-linux-x86_64-debian-gcc | 2.0.3 | 130.31 | 63.10 | 193.41 | OK | |
r-devel-linux-x86_64-fedora-clang | 2.0.3 | 537.05 | OK | |||
r-devel-linux-x86_64-fedora-gcc | 2.0.3 | 495.39 | OK | |||
r-devel-macos-arm64 | 2.0.3 | 114.00 | OK | |||
r-devel-macos-x86_64 | 2.0.3 | 182.00 | OK | |||
r-devel-windows-x86_64 | 2.0.3 | 200.00 | 132.00 | 332.00 | OK | |
r-patched-linux-x86_64 | 2.0.3 | 177.40 | 80.37 | 257.77 | OK | |
r-release-linux-x86_64 | 2.0.3 | 168.82 | 79.38 | 248.20 | OK | |
r-release-macos-arm64 | 2.0.3 | 64.00 | NOTE | |||
r-release-macos-x86_64 | 2.0.3 | 97.00 | NOTE | |||
r-release-windows-x86_64 | 2.0.3 | 204.00 | 125.00 | 329.00 | OK | |
r-oldrel-macos-arm64 | 2.0.3 | 124.00 | NOTE | |||
r-oldrel-macos-x86_64 | 2.0.3 | 181.00 | NOTE | |||
r-oldrel-windows-x86_64 | 2.0.3 | 238.00 | 173.00 | 411.00 | OK |
Version: 2.0.3
Check: installed package size
Result: NOTE
installed size is 13.3Mb
sub-directories of 1Mb or more:
libs 12.0Mb
Flavors: r-release-macos-arm64, r-release-macos-x86_64, r-oldrel-macos-arm64, r-oldrel-macos-x86_64