CRAN Package Check Results for Package munfold

Last updated on 2025-04-29 01:49:41 CEST.

Flavor Version Tinstall Tcheck Ttotal Status Flags
r-devel-linux-x86_64-debian-clang 0.3.5 5.48 42.66 48.14 NOTE
r-devel-linux-x86_64-debian-gcc 0.3.5 3.06 29.85 32.91 NOTE
r-devel-linux-x86_64-fedora-clang 0.3.5 78.35 NOTE
r-devel-linux-x86_64-fedora-gcc 0.3.5 69.00 NOTE
r-devel-windows-x86_64 0.3.5 5.00 56.00 61.00 NOTE
r-patched-linux-x86_64 0.3.5 4.30 39.97 44.27 NOTE
r-release-linux-x86_64 0.3.5 3.48 39.45 42.93 NOTE
r-release-macos-arm64 0.3.5 27.00 NOTE
r-release-macos-x86_64 0.3.5 44.00 NOTE
r-release-windows-x86_64 0.3.5 7.00 57.00 64.00 NOTE
r-oldrel-macos-arm64 0.3.5 22.00 NOTE
r-oldrel-macos-x86_64 0.3.5 41.00 NOTE
r-oldrel-windows-x86_64 0.3.5 6.00 62.00 68.00 NOTE

Check Details

Version: 0.3.5
Check: Rd files
Result: NOTE checkRd: (-1) metricUnfolding.Rd:69-70: Lost braces in \itemize; meant \describe ? checkRd: (-1) metricUnfolding.Rd:71-72: Lost braces in \itemize; meant \describe ? checkRd: (-1) metricUnfolding.Rd:73-74: Lost braces in \itemize; meant \describe ? checkRd: (-1) metricUnfolding.Rd:75-79: Lost braces in \itemize; meant \describe ? checkRd: (-1) metricUnfolding.Rd:80-86: Lost braces in \itemize; meant \describe ? Flavors: r-devel-linux-x86_64-debian-clang, r-devel-linux-x86_64-debian-gcc, r-devel-linux-x86_64-fedora-clang, r-devel-linux-x86_64-fedora-gcc, r-devel-windows-x86_64, r-patched-linux-x86_64, r-release-linux-x86_64, r-release-macos-arm64, r-release-macos-x86_64, r-release-windows-x86_64, r-oldrel-macos-arm64, r-oldrel-macos-x86_64, r-oldrel-windows-x86_64

Version: 0.3.5
Check: CRAN incoming feasibility
Result: NOTE Maintainer: ‘Martin Elff <martin@elff.eu>’ No Authors@R field in DESCRIPTION. Please add one, modifying Authors@R: person(given = "Martin", family = "Elff", role = c("aut", "cre"), email = "martin@elff.eu") as necessary. Flavor: r-devel-linux-x86_64-debian-gcc