CRAN Package Check Results for Package multiway

Last updated on 2025-04-16 01:50:57 CEST.

Flavor Version Tinstall Tcheck Ttotal Status Flags
r-devel-linux-x86_64-debian-clang 1.0-6 13.01 70.73 83.74 NOTE
r-devel-linux-x86_64-debian-gcc 1.0-6 9.53 44.90 54.43 NOTE
r-devel-linux-x86_64-fedora-clang 1.0-6 132.45 OK
r-devel-linux-x86_64-fedora-gcc 1.0-7 138.43 OK
r-devel-windows-x86_64 1.0-6 14.00 79.00 93.00 NOTE
r-patched-linux-x86_64 1.0-6 12.07 68.36 80.43 NOTE
r-release-linux-x86_64 1.0-6 10.84 65.92 76.76 NOTE
r-release-macos-arm64 1.0-7 35.00 OK
r-release-macos-x86_64 1.0-7 59.00 OK
r-release-windows-x86_64 1.0-6 15.00 86.00 101.00 NOTE
r-oldrel-macos-arm64 1.0-7 37.00 OK
r-oldrel-macos-x86_64 1.0-7 60.00 OK
r-oldrel-windows-x86_64 1.0-6 15.00 76.00 91.00 OK

Check Details

Version: 1.0-6
Check: Rd cross-references
Result: NOTE Found the following Rd file(s) with Rd \link{} targets missing package anchors: const.control.Rd: const indscal.Rd: const, cmls mcr.Rd: const, cmls parafac.Rd: const, cmls parafac2.Rd: const, cmls Please provide package anchors for all Rd \link{} targets not in the package itself and the base packages. Flavors: r-devel-linux-x86_64-debian-clang, r-devel-linux-x86_64-debian-gcc, r-devel-windows-x86_64, r-patched-linux-x86_64, r-release-linux-x86_64, r-release-windows-x86_64