Last updated on 2024-08-16 12:49:14 CEST.
Flavor | Version | Tinstall | Tcheck | Ttotal | Status | Flags |
---|---|---|---|---|---|---|
r-devel-linux-x86_64-debian-clang | 0.6.1 | 6.86 | 92.92 | 99.78 | NOTE | |
r-devel-linux-x86_64-debian-gcc | 0.6.1 | 4.57 | 69.65 | 74.22 | NOTE | |
r-devel-linux-x86_64-fedora-clang | 0.6.1 | 167.05 | NOTE | |||
r-devel-linux-x86_64-fedora-gcc | 0.6.1 | 169.94 | NOTE | |||
r-devel-windows-x86_64 | 0.6.1 | 9.00 | 116.00 | 125.00 | NOTE | |
r-patched-linux-x86_64 | 0.6.1 | 6.23 | 87.93 | 94.16 | NOTE | |
r-release-linux-x86_64 | 0.6.1 | 5.01 | 89.71 | 94.72 | NOTE | |
r-release-macos-arm64 | 0.6.1 | 71.00 | NOTE | |||
r-release-macos-x86_64 | 0.6.1 | 106.00 | NOTE | |||
r-release-windows-x86_64 | 0.6.1 | 10.00 | 116.00 | 126.00 | NOTE | |
r-oldrel-macos-arm64 | 0.6.1 | 66.00 | OK | |||
r-oldrel-macos-x86_64 | 0.6.1 | 99.00 | OK | |||
r-oldrel-windows-x86_64 | 0.6.1 | 11.00 | 136.00 | 147.00 | OK |
Version: 0.6.1
Check: Rd files
Result: NOTE
checkRd: (-1) durante.Rd:60-61: Lost braces
60 | in their study, \doi{10.1177/0956797612466416}{\emph{The
| ^
checkRd: (-1) hurricane.Rd:34: Lost braces
34 | in their study, \doi{10.1073/pnas.1402786111}{\emph{Female hurricanes are deadlier than male hurricanes}}.
| ^
checkRd: (-1) userlogs.Rd:33: Lost braces
33 | \doi{10.1145/2470654.2481359}{Evaluating the Efficiency of Physical Visualizations}
| ^
Flavors: r-devel-linux-x86_64-debian-clang, r-devel-linux-x86_64-debian-gcc, r-devel-linux-x86_64-fedora-clang, r-devel-linux-x86_64-fedora-gcc, r-devel-windows-x86_64, r-patched-linux-x86_64, r-release-linux-x86_64, r-release-macos-arm64, r-release-macos-x86_64, r-release-windows-x86_64