Last updated on 2025-04-29 01:49:41 CEST.
Flavor | Version | Tinstall | Tcheck | Ttotal | Status | Flags |
---|---|---|---|---|---|---|
r-devel-linux-x86_64-debian-clang | 2.1-1 | 13.65 | 159.27 | 172.92 | NOTE | |
r-devel-linux-x86_64-debian-gcc | 2.1-1 | 10.84 | 110.72 | 121.56 | NOTE | |
r-devel-linux-x86_64-fedora-clang | 2.1-1 | 268.03 | NOTE | |||
r-devel-linux-x86_64-fedora-gcc | 2.1-1 | 268.80 | NOTE | |||
r-devel-windows-x86_64 | 2.1-1 | 16.00 | 172.00 | 188.00 | NOTE | |
r-patched-linux-x86_64 | 2.1-1 | 13.73 | 153.61 | 167.34 | NOTE | |
r-release-linux-x86_64 | 2.1-1 | 13.57 | 151.39 | 164.96 | NOTE | |
r-release-macos-arm64 | 2.1-1 | 72.00 | NOTE | |||
r-release-macos-x86_64 | 2.1-1 | 153.00 | NOTE | |||
r-release-windows-x86_64 | 2.1-1 | 15.00 | 172.00 | 187.00 | NOTE | |
r-oldrel-macos-arm64 | 2.1-1 | 85.00 | NOTE | |||
r-oldrel-macos-x86_64 | 2.1-1 | 180.00 | NOTE | |||
r-oldrel-windows-x86_64 | 2.1-1 | 20.00 | 209.00 | 229.00 | NOTE |
Version: 2.1-1
Check: Rd files
Result: NOTE
checkRd: (-1) biomasse.Rd:30: Lost braces
30 | Makowski, D., Jeuffroy, M.-H., Gu\'{e}rif, M., 2004 Bayesian methods for
| ^
checkRd: (-1) climat.Rd:20: Lost braces
20 | Makowski, D., Jeuffroy, M.-H., Gu\'{e}rif, M., 2004 Bayesian methods for
| ^
checkRd: (-1) simulmodel.Rd:15: Lost braces
15 | \item{\dots}{... }{possible fixed parameters of the R-function}
| ^
Flavors: r-devel-linux-x86_64-debian-clang, r-devel-linux-x86_64-debian-gcc, r-devel-linux-x86_64-fedora-clang, r-devel-linux-x86_64-fedora-gcc, r-devel-windows-x86_64, r-patched-linux-x86_64, r-release-linux-x86_64, r-release-macos-arm64, r-release-macos-x86_64, r-release-windows-x86_64, r-oldrel-macos-arm64, r-oldrel-macos-x86_64, r-oldrel-windows-x86_64
Version: 2.1-1
Check: CRAN incoming feasibility
Result: NOTE
Maintainer: ‘Hervé Monod <herve.monod@inra.fr>’
No Authors@R field in DESCRIPTION.
Please add one, modifying
Authors@R: c(person(given = "Caroline",
family = "Bidot",
role = "aut",
email = "caroline.bidot@inra.fr"),
person(given = "Matieyendou",
family = "Lamboni",
role = "aut",
email = "matieyendou.lamboni@gmail.com"),
person(given = "Hervé",
family = "Monod",
role = c("aut", "cre"),
email = "herve.monod@inra.fr"))
as necessary.
Package CITATION file contains call(s) to old-style personList() or
as.personList(). Please use c() on person objects instead.
Flavor: r-devel-linux-x86_64-debian-gcc