Last updated on 2024-08-16 12:49:14 CEST.
Flavor | Version | Tinstall | Tcheck | Ttotal | Status | Flags |
---|---|---|---|---|---|---|
r-devel-linux-x86_64-debian-clang | 0.7.1 | 1629.77 | 424.85 | 2054.62 | NOTE | |
r-devel-linux-x86_64-debian-gcc | 0.7.1 | 1326.95 | 375.12 | 1702.07 | NOTE | |
r-devel-linux-x86_64-fedora-clang | 0.7.1 | 2894.49 | NOTE | |||
r-devel-linux-x86_64-fedora-gcc | 0.7.1 | 4131.46 | NOTE | |||
r-devel-windows-x86_64 | 0.7.1 | 1243.00 | 500.00 | 1743.00 | NOTE | |
r-patched-linux-x86_64 | 0.7.1 | 1723.85 | 518.15 | 2242.00 | NOTE | |
r-release-linux-x86_64 | 0.7.1 | 1688.02 | 524.73 | 2212.75 | NOTE | |
r-release-macos-arm64 | 0.7.1 | 569.00 | NOTE | |||
r-release-macos-x86_64 | 0.7.1 | 791.00 | NOTE | |||
r-release-windows-x86_64 | 0.7.1 | 1301.00 | 495.00 | 1796.00 | NOTE | |
r-oldrel-macos-arm64 | 0.7.1 | 696.00 | NOTE | |||
r-oldrel-macos-x86_64 | 0.7.1 | 907.00 | NOTE | |||
r-oldrel-windows-x86_64 | 0.7.1 | 1872.00 | 678.00 | 2550.00 | NOTE |
Version: 0.7.1
Check: Rd cross-references
Result: NOTE
Found the following Rd file(s) with Rd \link{} targets missing package
anchors:
add_integration.Rd: tibble
as.array.stan_nma.Rd: as.array.stanfit
graph_conversion.Rd: igraph, ggraph
nma.Rd: stanfit
plot.nma_data.Rd: ggraph, igraph
plot.nma_summary.Rd: ggplot2, ggdist
plot.nodesplit_summary.Rd: ggplot2, ggdist
print.nma_nodesplit_df.Rd: print.stanfit
print.stan_nma.Rd: print.stanfit
Please provide package anchors for all Rd \link{} targets not in the
package itself and the base packages.
Flavors: r-devel-linux-x86_64-debian-clang, r-devel-linux-x86_64-debian-gcc, r-devel-windows-x86_64
Version: 0.7.1
Check: for GNU extensions in Makefiles
Result: NOTE
GNU make is a SystemRequirements.
Flavors: r-devel-linux-x86_64-debian-clang, r-devel-linux-x86_64-debian-gcc, r-devel-linux-x86_64-fedora-clang, r-devel-linux-x86_64-fedora-gcc, r-devel-windows-x86_64, r-patched-linux-x86_64, r-release-linux-x86_64, r-release-macos-arm64, r-release-macos-x86_64, r-release-windows-x86_64, r-oldrel-macos-arm64, r-oldrel-macos-x86_64, r-oldrel-windows-x86_64
Version: 0.7.1
Check: package dependencies
Result: NOTE
Imports includes 23 non-default packages.
Importing from so many packages makes the package vulnerable to any of
them becoming unavailable. Move as many as possible to Suggests and
use conditionally.
Flavor: r-devel-linux-x86_64-fedora-clang
Version: 0.7.1
Check: installed package size
Result: NOTE
installed size is 24.8Mb
sub-directories of 1Mb or more:
R 1.3Mb
doc 4.2Mb
libs 18.5Mb
Flavors: r-devel-linux-x86_64-fedora-clang, r-devel-windows-x86_64, r-release-macos-arm64, r-release-macos-x86_64, r-release-windows-x86_64, r-oldrel-macos-arm64, r-oldrel-macos-x86_64, r-oldrel-windows-x86_64