Last updated on 2024-06-30 00:59:19 CEST.
Flavor | Version | Tinstall | Tcheck | Ttotal | Status | Flags |
---|---|---|---|---|---|---|
r-devel-linux-x86_64-debian-clang | 0.5.1 | 9.24 | 59.93 | 69.17 | OK | |
r-devel-linux-x86_64-debian-gcc | 0.5.1 | 8.13 | 43.31 | 51.44 | OK | |
r-devel-linux-x86_64-fedora-clang | 0.5.1 | 87.49 | NOTE | |||
r-devel-linux-x86_64-fedora-gcc | 0.5.1 | 95.52 | NOTE | |||
r-devel-windows-x86_64 | 0.5.1 | 10.00 | 63.00 | 73.00 | OK | |
r-patched-linux-x86_64 | 0.5.1 | 8.63 | 55.13 | 63.76 | OK | |
r-release-linux-x86_64 | 0.5.1 | 5.62 | 55.94 | 61.56 | OK | |
r-release-macos-arm64 | 0.5.1 | 43.00 | OK | |||
r-release-macos-x86_64 | 0.5.1 | 62.00 | OK | |||
r-release-windows-x86_64 | 0.5.1 | 9.00 | 64.00 | 73.00 | OK | |
r-oldrel-macos-arm64 | 0.5.1 | 35.00 | OK | |||
r-oldrel-macos-x86_64 | 0.5.1 | 51.00 | OK | |||
r-oldrel-windows-x86_64 | 0.5.1 | 12.00 | 70.00 | 82.00 | OK |
Version: 0.5.1
Check: data for non-ASCII characters
Result: NOTE
Note: found 15 marked UTF-8 strings
Flavors: r-devel-linux-x86_64-fedora-clang, r-devel-linux-x86_64-fedora-gcc