Last updated on 2025-04-29 01:49:40 CEST.
Flavor | Version | Tinstall | Tcheck | Ttotal | Status | Flags |
---|---|---|---|---|---|---|
r-devel-linux-x86_64-debian-clang | 1.0-0 | 2.41 | 62.32 | 64.73 | OK | |
r-devel-linux-x86_64-debian-gcc | 1.0-0 | 1.88 | 46.22 | 48.10 | NOTE | |
r-devel-linux-x86_64-fedora-clang | 1.0-0 | 97.55 | OK | |||
r-devel-linux-x86_64-fedora-gcc | 1.0-0 | 112.41 | OK | |||
r-devel-windows-x86_64 | 1.0-0 | 4.00 | 81.00 | 85.00 | OK | |
r-patched-linux-x86_64 | 1.0-0 | 3.39 | 57.56 | 60.95 | OK | |
r-release-linux-x86_64 | 1.0-0 | 2.31 | 57.18 | 59.49 | OK | |
r-release-macos-arm64 | 1.0-0 | 44.00 | OK | |||
r-release-macos-x86_64 | 1.0-0 | 89.00 | OK | |||
r-release-windows-x86_64 | 1.0-0 | 4.00 | 83.00 | 87.00 | OK | |
r-oldrel-macos-arm64 | 1.0-0 | 54.00 | OK | |||
r-oldrel-macos-x86_64 | 1.0-0 | 73.00 | OK | |||
r-oldrel-windows-x86_64 | 1.0-0 | 5.00 | 93.00 | 98.00 | OK |
Version: 1.0-0
Check: examples
Result: NOTE
Examples with CPU (user + system) or elapsed time > 5s
user system elapsed
proact 4.475 0.012 5.165
Flavor: r-devel-linux-x86_64-debian-gcc