Last updated on 2025-04-29 01:49:40 CEST.
Flavor | Version | Tinstall | Tcheck | Ttotal | Status | Flags |
---|---|---|---|---|---|---|
r-devel-linux-x86_64-debian-clang | 1.1.1 | 6.67 | 85.29 | 91.96 | OK | |
r-devel-linux-x86_64-debian-gcc | 1.1.1 | 5.21 | 63.19 | 68.40 | NOTE | |
r-devel-linux-x86_64-fedora-clang | 1.1.1 | 143.71 | OK | |||
r-devel-linux-x86_64-fedora-gcc | 1.1.1 | 138.52 | OK | |||
r-devel-windows-x86_64 | 1.1.1 | 10.00 | 111.00 | 121.00 | OK | |
r-patched-linux-x86_64 | 1.1.1 | 8.27 | 85.12 | 93.39 | OK | |
r-release-linux-x86_64 | 1.1.1 | 7.26 | 85.70 | 92.96 | OK | |
r-release-macos-arm64 | 1.1.1 | 43.00 | OK | |||
r-release-macos-x86_64 | 1.1.1 | 89.00 | OK | |||
r-release-windows-x86_64 | 1.1.1 | 11.00 | 112.00 | 123.00 | OK | |
r-oldrel-macos-arm64 | 1.1.1 | 39.00 | OK | |||
r-oldrel-macos-x86_64 | 1.1.1 | 59.00 | OK | |||
r-oldrel-windows-x86_64 | 1.1.1 | 13.00 | 133.00 | 146.00 | OK |
Version: 1.1.1
Check: CRAN incoming feasibility
Result: NOTE
Maintainer: ‘David Kahle <david@kahle.io>’
Package CITATION file contains call(s) to old-style citEntry(). Please
use bibentry() instead.
Flavor: r-devel-linux-x86_64-debian-gcc
Version: 1.1.1
Check: examples
Result: NOTE
Examples with CPU (user + system) or elapsed time > 5s
user system elapsed
bezier 3.777 0.08 5.22
Flavor: r-devel-linux-x86_64-debian-gcc