CRAN Package Check Results for Package mpathr

Last updated on 2025-04-29 01:49:40 CEST.

Flavor Version Tinstall Tcheck Ttotal Status Flags
r-devel-linux-x86_64-debian-clang 1.0.2 5.54 66.78 72.32 NOTE
r-devel-linux-x86_64-debian-gcc 1.0.2 5.17 56.60 61.77 NOTE
r-devel-linux-x86_64-fedora-clang 1.0.2 106.22 NOTE
r-devel-linux-x86_64-fedora-gcc 1.0.2 116.78 NOTE
r-devel-windows-x86_64 1.0.2 8.00 91.00 99.00 NOTE
r-patched-linux-x86_64 1.0.2 6.57 66.45 73.02 NOTE
r-release-linux-x86_64 1.0.2 6.14 66.95 73.09 NOTE
r-release-macos-arm64 1.0.2 46.00 NOTE
r-release-macos-x86_64 1.0.2 69.00 NOTE
r-release-windows-x86_64 1.0.2 9.00 92.00 101.00 NOTE
r-oldrel-macos-arm64 1.0.2 45.00 OK
r-oldrel-macos-x86_64 1.0.2 72.00 OK
r-oldrel-windows-x86_64 1.0.2 11.00 103.00 114.00 OK

Check Details

Version: 1.0.2
Check: DESCRIPTION meta-information
Result: NOTE Missing dependency on R >= 4.1.0 because package code uses the pipe |> or function shorthand \(...) syntax added in R 4.1.0. File(s) using such syntax: ‘cast_vec.R’ ‘plot_response_rate.R’ ‘read_mpath.R’ ‘response_rate.R’ ‘write_mpath.R’ Flavors: r-devel-linux-x86_64-debian-clang, r-devel-linux-x86_64-debian-gcc, r-devel-linux-x86_64-fedora-clang, r-devel-linux-x86_64-fedora-gcc, r-devel-windows-x86_64, r-patched-linux-x86_64, r-release-linux-x86_64, r-release-macos-arm64, r-release-macos-x86_64, r-release-windows-x86_64

Version: 1.0.2
Check: examples
Result: NOTE Examples with CPU (user + system) or elapsed time > 5s user system elapsed write_mpath 1.516 0.313 8.125 read_mpath 1.133 0.304 6.285 timestamps_to_datetime 1.057 0.314 6.340 Flavor: r-devel-linux-x86_64-debian-gcc