Last updated on 2025-04-29 01:49:40 CEST.
Flavor | Version | Tinstall | Tcheck | Ttotal | Status | Flags |
---|---|---|---|---|---|---|
r-devel-linux-x86_64-debian-clang | 2.3.1 | 7.11 | 91.31 | 98.42 | OK | |
r-devel-linux-x86_64-debian-gcc | 2.3.1 | 5.67 | 64.48 | 70.15 | NOTE | |
r-devel-linux-x86_64-fedora-clang | 2.3.1 | 155.45 | OK | |||
r-devel-linux-x86_64-fedora-gcc | 2.3.1 | 168.40 | OK | |||
r-devel-windows-x86_64 | 2.3.1 | 8.00 | 107.00 | 115.00 | OK | |
r-patched-linux-x86_64 | 2.3.1 | 7.66 | 88.19 | 95.85 | OK | |
r-release-linux-x86_64 | 2.3.1 | 5.50 | 87.60 | 93.10 | OK | |
r-release-macos-arm64 | 2.3.1 | 49.00 | OK | |||
r-release-macos-x86_64 | 2.3.1 | 104.00 | OK | |||
r-release-windows-x86_64 | 2.3.1 | 8.00 | 113.00 | 121.00 | OK | |
r-oldrel-macos-arm64 | 2.3.1 | 47.00 | OK | |||
r-oldrel-macos-x86_64 | 2.3.1 | 75.00 | OK | |||
r-oldrel-windows-x86_64 | 2.3.1 | 10.00 | 130.00 | 140.00 | OK |
Version: 2.3.1
Check: CRAN incoming feasibility
Result: NOTE
Maintainer: ‘Birgit Erni <birgit.erni@uct.ac.za>’
No Authors@R field in DESCRIPTION.
Please add one, modifying
Authors@R: c(person(given = c("Birgit", "Erni.", "Based", "on", "models", "developed", "by"),
family = "Underhill",
role = "aut",
email = "birgit.erni@uct.ac.za"),
person(family = "Zucchini.",
role = "aut",
comment = "1988, 1990"),
person(given = "Birgit",
family = "Erni",
role = "cre",
email = "birgit.erni@uct.ac.za"))
as necessary.
Package CITATION file contains call(s) to old-style personList() or
as.personList(). Please use c() on person objects instead.
Package CITATION file contains call(s) to old-style citEntry(). Please
use bibentry() instead.
Flavor: r-devel-linux-x86_64-debian-gcc