Last updated on 2025-04-29 01:49:40 CEST.
Flavor | Version | Tinstall | Tcheck | Ttotal | Status | Flags |
---|---|---|---|---|---|---|
r-devel-linux-x86_64-debian-clang | 1.1.5-1 | 2.01 | 31.41 | 33.42 | OK | |
r-devel-linux-x86_64-debian-gcc | 1.1.5-1 | 1.45 | 28.47 | 29.92 | NOTE | |
r-devel-linux-x86_64-fedora-clang | 1.1.5-1 | 52.78 | OK | |||
r-devel-linux-x86_64-fedora-gcc | 1.1.5-1 | 50.84 | OK | |||
r-devel-windows-x86_64 | 1.1.5-1 | 3.00 | 54.00 | 57.00 | OK | |
r-patched-linux-x86_64 | 1.1.5-1 | 2.15 | 30.36 | 32.51 | OK | |
r-release-linux-x86_64 | 1.1.5-1 | 1.87 | 30.16 | 32.03 | OK | |
r-release-macos-arm64 | 1.1.5-1 | 20.00 | OK | |||
r-release-macos-x86_64 | 1.1.5-1 | 33.00 | OK | |||
r-release-windows-x86_64 | 1.1.5-1 | 4.00 | 54.00 | 58.00 | OK | |
r-oldrel-macos-arm64 | 1.1.5-1 | 24.00 | OK | |||
r-oldrel-macos-x86_64 | 1.1.5-1 | 37.00 | OK | |||
r-oldrel-windows-x86_64 | 1.1.5-1 | 3.00 | 58.00 | 61.00 | OK |
Version: 1.1.5-1
Check: examples
Result: NOTE
Examples with CPU (user + system) or elapsed time > 5s
user system elapsed
monmlp.fit 5.403 0.020 6.35
monmlp-package 3.723 0.011 6.47
Flavor: r-devel-linux-x86_64-debian-gcc