Last updated on 2024-08-16 12:49:13 CEST.
Flavor | Version | Tinstall | Tcheck | Ttotal | Status | Flags |
---|---|---|---|---|---|---|
r-devel-linux-x86_64-debian-clang | 1.0.1 | 122.18 | 78.61 | 200.79 | OK | |
r-devel-linux-x86_64-debian-gcc | 1.0.1 | 92.39 | 61.46 | 153.85 | OK | |
r-devel-linux-x86_64-fedora-clang | 1.0.1 | 341.45 | OK | |||
r-devel-linux-x86_64-fedora-gcc | 1.0.1 | 410.29 | OK | |||
r-devel-windows-x86_64 | 1.0.1 | 117.00 | 114.00 | 231.00 | OK | |
r-patched-linux-x86_64 | 1.0.1 | 130.77 | 86.51 | 217.28 | OK | |
r-release-linux-x86_64 | 1.0.1 | 130.69 | 90.46 | 221.15 | OK | |
r-release-macos-arm64 | 1.0.1 | 84.00 | NOTE | |||
r-release-macos-x86_64 | 1.0.1 | 108.00 | NOTE | |||
r-release-windows-x86_64 | 1.0.1 | 119.00 | 120.00 | 239.00 | OK | |
r-oldrel-macos-arm64 | 1.0.1 | 101.00 | NOTE | |||
r-oldrel-macos-x86_64 | 1.0.1 | 161.00 | NOTE | |||
r-oldrel-windows-x86_64 | 1.0.1 | 138.00 | 154.00 | 292.00 | OK |
Version: 1.0.1
Check: installed package size
Result: NOTE
installed size is 19.6Mb
sub-directories of 1Mb or more:
libs 19.3Mb
Flavors: r-release-macos-arm64, r-release-macos-x86_64, r-oldrel-macos-arm64, r-oldrel-macos-x86_64