Last updated on 2025-04-29 01:49:40 CEST.
Flavor | Version | Tinstall | Tcheck | Ttotal | Status | Flags |
---|---|---|---|---|---|---|
r-devel-linux-x86_64-debian-clang | 0.1-6 | 10.51 | 97.99 | 108.50 | OK | |
r-devel-linux-x86_64-debian-gcc | 0.1-6 | 6.74 | 69.56 | 76.30 | NOTE | |
r-devel-linux-x86_64-fedora-clang | 0.1-6 | 171.09 | OK | |||
r-devel-linux-x86_64-fedora-gcc | 0.1-6 | 178.55 | OK | |||
r-devel-windows-x86_64 | 0.1-6 | 11.00 | 136.00 | 147.00 | OK | |
r-patched-linux-x86_64 | 0.1-6 | 11.66 | 93.49 | 105.15 | OK | |
r-release-linux-x86_64 | 0.1-6 | 9.92 | 92.87 | 102.79 | OK | |
r-release-macos-arm64 | 0.1-6 | 59.00 | OK | |||
r-release-macos-x86_64 | 0.1-6 | 106.00 | OK | |||
r-release-windows-x86_64 | 0.1-6 | 11.00 | 144.00 | 155.00 | OK | |
r-oldrel-macos-arm64 | 0.1-6 | 51.00 | OK | |||
r-oldrel-macos-x86_64 | 0.1-6 | 83.00 | OK | |||
r-oldrel-windows-x86_64 | 0.1-6 | 14.00 | 154.00 | 168.00 | OK |
Version: 0.1-6
Check: CRAN incoming feasibility
Result: NOTE
Maintainer: ‘E. Lopez-Vizcaino <esther.lopez@ige.eu>’
No Authors@R field in DESCRIPTION.
Please add one, modifying
Authors@R: c(person(given = "E.",
family = "Lopez-Vizcaino",
role = c("aut", "cre"),
email = "esther.lopez@ige.eu"),
person(given = "M.J.",
family = "Lombardia",
role = "aut"),
person(given = "D.",
family = "Morales",
role = "aut"))
as necessary.
Flavor: r-devel-linux-x86_64-debian-gcc