Last updated on 2025-04-29 01:49:40 CEST.
Flavor | Version | Tinstall | Tcheck | Ttotal | Status | Flags |
---|---|---|---|---|---|---|
r-devel-linux-x86_64-debian-clang | 0.5.1-1 | 4.83 | 519.64 | 524.47 | OK | |
r-devel-linux-x86_64-debian-gcc | 0.5.1-1 | 3.53 | 366.23 | 369.76 | NOTE | |
r-devel-linux-x86_64-fedora-clang | 0.5.1-1 | 826.69 | OK | |||
r-devel-linux-x86_64-fedora-gcc | 0.5.1-1 | 803.33 | OK | |||
r-devel-windows-x86_64 | 0.5.1-1 | 7.00 | 505.00 | 512.00 | OK | |
r-patched-linux-x86_64 | 0.5.1-1 | 4.13 | 504.11 | 508.24 | OK | |
r-release-linux-x86_64 | 0.5.1-1 | 5.73 | 503.04 | 508.77 | OK | |
r-release-macos-arm64 | 0.5.1-1 | 248.00 | OK | |||
r-release-macos-x86_64 | 0.5.1-1 | 518.00 | OK | |||
r-release-windows-x86_64 | 0.5.1-1 | 7.00 | 499.00 | 506.00 | OK | |
r-oldrel-macos-arm64 | 0.5.1-1 | 136.00 | OK | |||
r-oldrel-macos-x86_64 | 0.5.1-1 | 429.00 | OK | |||
r-oldrel-windows-x86_64 | 0.5.1-1 | 8.00 | 727.00 | 735.00 | OK |
Version: 0.5.1-1
Check: examples
Result: NOTE
Examples with CPU time > 2.5 times elapsed time
user system elapsed ratio
makeMlr3Surrogate 4.034 0.638 1.016 4.598
Flavor: r-devel-linux-x86_64-debian-gcc