Last updated on 2025-04-29 01:49:40 CEST.
Flavor | Version | Tinstall | Tcheck | Ttotal | Status | Flags |
---|---|---|---|---|---|---|
r-devel-linux-x86_64-debian-clang | 0.5.2 | 14.02 | 88.30 | 102.32 | OK | |
r-devel-linux-x86_64-debian-gcc | 0.5.2 | 7.42 | 64.70 | 72.12 | NOTE | |
r-devel-linux-x86_64-fedora-clang | 0.5.2 | 172.91 | OK | |||
r-devel-linux-x86_64-fedora-gcc | 0.5.2 | 167.60 | OK | |||
r-devel-windows-x86_64 | 0.5.2 | 14.00 | 96.00 | 110.00 | OK | |
r-patched-linux-x86_64 | 0.5.2 | 12.71 | 84.88 | 97.59 | OK | |
r-release-linux-x86_64 | 0.5.2 | 13.45 | 86.83 | 100.28 | OK | |
r-release-macos-arm64 | 0.5.2 | 63.00 | OK | |||
r-release-macos-x86_64 | 0.5.2 | 110.00 | OK | |||
r-release-windows-x86_64 | 0.5.2 | 15.00 | 103.00 | 118.00 | OK | |
r-oldrel-macos-arm64 | 0.5.2 | 50.00 | OK | |||
r-oldrel-macos-x86_64 | 0.5.2 | 85.00 | OK | |||
r-oldrel-windows-x86_64 | 0.5.2 | 19.00 | 136.00 | 155.00 | OK |
Version: 0.5.2
Check: examples
Result: NOTE
Examples with CPU (user + system) or elapsed time > 5s
user system elapsed
TuningSpace 3.033 0.103 5.38
Flavor: r-devel-linux-x86_64-debian-gcc