Last updated on 2025-04-29 01:49:40 CEST.
Flavor | Version | Tinstall | Tcheck | Ttotal | Status | Flags |
---|---|---|---|---|---|---|
r-devel-linux-x86_64-debian-clang | 1.3.0 | 12.70 | 518.78 | 531.48 | OK | |
r-devel-linux-x86_64-debian-gcc | 1.3.0 | 9.24 | 360.10 | 369.34 | NOTE | |
r-devel-linux-x86_64-fedora-clang | 1.3.0 | 915.22 | OK | |||
r-devel-linux-x86_64-fedora-gcc | 1.3.0 | 890.47 | OK | |||
r-devel-windows-x86_64 | 1.3.0 | 15.00 | 480.00 | 495.00 | OK | |
r-patched-linux-x86_64 | 1.3.0 | 18.40 | 488.43 | 506.83 | OK | |
r-release-linux-x86_64 | 1.3.0 | 13.21 | 488.49 | 501.70 | OK | |
r-release-macos-arm64 | 1.3.0 | 315.00 | OK | |||
r-release-macos-x86_64 | 1.3.0 | 582.00 | OK | |||
r-release-windows-x86_64 | 1.3.0 | 16.00 | 497.00 | 513.00 | OK | |
r-oldrel-macos-arm64 | 1.3.0 | 210.00 | OK | |||
r-oldrel-macos-x86_64 | 1.3.0 | 413.00 | OK | |||
r-oldrel-windows-x86_64 | 1.3.0 | 21.00 | 702.00 | 723.00 | OK |
Version: 1.3.0
Check: examples
Result: NOTE
Examples with CPU (user + system) or elapsed time > 5s
user system elapsed
mlr3tuning.one_se_rule 4.328 0.128 7.841
AutoTuner 4.173 0.176 8.119
mlr_tuners_internal 2.317 0.015 5.431
Flavor: r-devel-linux-x86_64-debian-gcc