CRAN Package Check Results for Package mlr3summary

Last updated on 2025-04-29 01:49:40 CEST.

Flavor Version Tinstall Tcheck Ttotal Status Flags
r-devel-linux-x86_64-debian-clang 0.1.0 4.59 58.26 62.85 NOTE
r-devel-linux-x86_64-debian-gcc 0.1.0 3.09 41.72 44.81 NOTE
r-devel-linux-x86_64-fedora-clang 0.1.0 91.02 OK
r-devel-linux-x86_64-fedora-gcc 0.1.0 82.43 OK
r-devel-windows-x86_64 0.1.0 6.00 67.00 73.00 OK
r-patched-linux-x86_64 0.1.0 4.14 48.85 52.99 NOTE
r-release-linux-x86_64 0.1.0 4.11 49.93 54.04 NOTE
r-release-macos-arm64 0.1.0 35.00 OK
r-release-macos-x86_64 0.1.0 57.00 OK
r-release-windows-x86_64 0.1.0 6.00 66.00 72.00 OK
r-oldrel-macos-arm64 0.1.0 28.00 OK
r-oldrel-macos-x86_64 0.1.0 44.00 OK
r-oldrel-windows-x86_64 0.1.0 6.00 76.00 82.00 OK

Check Details

Version: 0.1.0
Check: for unstated dependencies in ‘demo’
Result: NOTE 'library' or 'require' calls not declared from: ‘future’ ‘mlr3tuning’ Flavors: r-devel-linux-x86_64-debian-clang, r-devel-linux-x86_64-debian-gcc, r-patched-linux-x86_64, r-release-linux-x86_64

Version: 0.1.0
Check: examples
Result: NOTE Examples with CPU (user + system) or elapsed time > 5s user system elapsed summary.Learner 11.282 0.358 13.413 Flavor: r-devel-linux-x86_64-debian-gcc