Last updated on 2025-04-29 01:49:40 CEST.
Flavor | Version | Tinstall | Tcheck | Ttotal | Status | Flags |
---|---|---|---|---|---|---|
r-devel-linux-x86_64-debian-clang | 2.3.2 | 16.49 | 283.37 | 299.86 | OK | |
r-devel-linux-x86_64-debian-gcc | 2.3.2 | 11.83 | 186.49 | 198.32 | NOTE | |
r-devel-linux-x86_64-fedora-clang | 2.3.2 | 454.00 | OK | |||
r-devel-linux-x86_64-fedora-gcc | 2.3.2 | 454.91 | OK | |||
r-devel-windows-x86_64 | 2.3.2 | 19.00 | 212.00 | 231.00 | OK | |
r-patched-linux-x86_64 | 2.3.2 | 18.55 | 258.01 | 276.56 | OK | |
r-release-linux-x86_64 | 2.3.2 | 17.02 | 261.50 | 278.52 | OK | |
r-release-macos-arm64 | 2.3.2 | 112.00 | OK | |||
r-release-macos-x86_64 | 2.3.2 | 216.00 | OK | |||
r-release-windows-x86_64 | 2.3.2 | 22.00 | 210.00 | 232.00 | OK | |
r-oldrel-macos-arm64 | 2.3.2 | 113.00 | OK | |||
r-oldrel-macos-x86_64 | 2.3.2 | 230.00 | OK | |||
r-oldrel-windows-x86_64 | 2.3.2 | 25.00 | 307.00 | 332.00 | OK |
Version: 2.3.2
Check: examples
Result: NOTE
Examples with CPU (user + system) or elapsed time > 5s
user system elapsed
mlr_resamplings_repeated_spcv_knndm 5.674 0.378 9.112
Flavor: r-devel-linux-x86_64-debian-gcc