Last updated on 2024-07-13 12:48:20 CEST.
Flavor | Version | Tinstall | Tcheck | Ttotal | Status | Flags |
---|---|---|---|---|---|---|
r-devel-linux-x86_64-debian-clang | 0.6.0 | 39.13 | 632.28 | 671.41 | OK | |
r-devel-linux-x86_64-debian-gcc | 0.6.0 | 26.57 | 451.91 | 478.48 | OK | |
r-devel-linux-x86_64-fedora-clang | 0.6.0 | 678.77 | OK | |||
r-devel-linux-x86_64-fedora-gcc | 0.6.0 | 694.79 | OK | |||
r-devel-windows-x86_64 | 0.6.0 | 30.00 | 362.00 | 392.00 | OK | |
r-patched-linux-x86_64 | 0.6.0 | 55.94 | 595.38 | 651.32 | OK | |
r-release-linux-x86_64 | 0.6.0 | 31.10 | 720.03 | 751.13 | OK | |
r-release-macos-arm64 | 0.6.0 | 228.00 | OK | |||
r-release-macos-x86_64 | 0.6.0 | 530.00 | OK | |||
r-release-windows-x86_64 | 0.6.0 | 31.00 | 417.00 | 448.00 | OK | |
r-oldrel-macos-arm64 | 0.6.0 | 11.00 | ERROR | |||
r-oldrel-macos-x86_64 | 0.6.0 | 11.00 | ERROR | |||
r-oldrel-windows-x86_64 | 0.6.0 | 38.00 | 559.00 | 597.00 | OK |
Version: 0.6.0
Check: package dependencies
Result: ERROR
Package required and available but unsuitable version: ‘mlr3’
See section ‘The DESCRIPTION file’ in the ‘Writing R Extensions’
manual.
Flavors: r-oldrel-macos-arm64, r-oldrel-macos-x86_64