Last updated on 2024-08-16 12:49:13 CEST.
Flavor | Version | Tinstall | Tcheck | Ttotal | Status | Flags |
---|---|---|---|---|---|---|
r-devel-linux-x86_64-debian-clang | 0.2.4 | 6.12 | 66.88 | 73.00 | NOTE | |
r-devel-linux-x86_64-debian-gcc | 0.2.4 | 4.29 | 48.22 | 52.51 | NOTE | |
r-devel-linux-x86_64-fedora-clang | 0.2.4 | 119.60 | NOTE | |||
r-devel-linux-x86_64-fedora-gcc | 0.2.4 | 123.12 | NOTE | |||
r-devel-windows-x86_64 | 0.2.4 | 7.00 | 80.00 | 87.00 | NOTE | |
r-patched-linux-x86_64 | 0.2.4 | 6.92 | 62.31 | 69.23 | NOTE | |
r-release-linux-x86_64 | 0.2.4 | 6.34 | 66.24 | 72.58 | NOTE | |
r-release-macos-arm64 | 0.2.4 | 38.00 | NOTE | |||
r-release-macos-x86_64 | 0.2.4 | 61.00 | NOTE | |||
r-release-windows-x86_64 | 0.2.4 | 8.00 | 80.00 | 88.00 | NOTE | |
r-oldrel-macos-arm64 | 0.2.4 | 42.00 | NOTE | |||
r-oldrel-macos-x86_64 | 0.2.4 | 64.00 | NOTE | |||
r-oldrel-windows-x86_64 | 0.2.4 | 7.00 | 92.00 | 99.00 | NOTE |
Version: 0.2.4
Check: LazyData
Result: NOTE
'LazyData' is specified without a 'data' directory
Flavors: r-devel-linux-x86_64-debian-clang, r-devel-linux-x86_64-debian-gcc, r-devel-linux-x86_64-fedora-clang, r-devel-linux-x86_64-fedora-gcc, r-devel-windows-x86_64, r-patched-linux-x86_64, r-release-linux-x86_64, r-release-macos-arm64, r-release-macos-x86_64, r-release-windows-x86_64, r-oldrel-macos-arm64, r-oldrel-macos-x86_64, r-oldrel-windows-x86_64