CRAN Package Check Results for Package mixSSG

Last updated on 2025-07-18 01:49:20 CEST.

Flavor Version Tinstall Tcheck Ttotal Status Flags
r-devel-linux-x86_64-debian-clang 2.1.1 4.06 27.11 31.17 NOTE
r-devel-linux-x86_64-debian-gcc 2.1.1 2.77 21.14 23.91 NOTE
r-devel-linux-x86_64-fedora-clang 2.1.1 46.16 OK
r-devel-linux-x86_64-fedora-gcc 2.1.1 44.11 OK
r-devel-windows-x86_64 2.1.1 5.00 47.00 52.00 OK
r-patched-linux-x86_64 2.1.1 4.09 26.08 30.17 OK
r-release-linux-x86_64 2.1.1 3.54 25.65 29.19 OK
r-release-macos-arm64 2.1.1 19.00 OK
r-release-macos-x86_64 2.1.1 33.00 OK
r-release-windows-x86_64 2.1.1 4.00 47.00 51.00 OK
r-oldrel-macos-arm64 2.1.1 18.00 OK
r-oldrel-macos-x86_64 2.1.1 25.00 OK
r-oldrel-windows-x86_64 2.1.1 4.00 51.00 55.00 OK

Check Details

Version: 2.1.1
Check: CRAN incoming feasibility
Result: NOTE Maintainer: ‘Mahdi Teimouri <teimouri@aut.ac.ir>’ The Description field contains <arXiv:2205.14067> and estimating parameters of the symmetric stable Please refer to arXiv e-prints via their arXiv DOI <doi:10.48550/arXiv.YYMM.NNNNN>. Flavors: r-devel-linux-x86_64-debian-clang, r-devel-linux-x86_64-debian-gcc